{"id":4852,"date":"2026-03-19T21:46:44","date_gmt":"2026-03-19T21:46:44","guid":{"rendered":"https:\/\/bhimportsexports.com\/hl=pt\/?post_type=product&#038;p=4852"},"modified":"2026-03-19T22:09:40","modified_gmt":"2026-03-19T22:09:40","slug":"conversor-de-midia-tp-link-multimodo-1000sx-550m-mc200cm","status":"publish","type":"product","link":"https:\/\/bhimportsexports.com\/hl=pt\/produto\/conversor-de-midia-tp-link-multimodo-1000sx-550m-mc200cm\/","title":{"rendered":"Conversor De M\u00eddia Tp-link Multimodo 1000sx 550m Mc200cm"},"content":{"rendered":"<p>O\u00a0<strong>MC200CM<\/strong>\u00a0\u00e9 um conversor de m\u00eddia projetado para converter fibra 1000BASE-SX para cabo de cobre de m\u00eddia 1000Base-T ou vice-versa. Concebido sob os padr\u00f5es IEEE802.3ab 1000Base-T e 1000Base-SX IEEE802.3z , o\u00a0<strong>MC200CM\u00a0<\/strong>\u00e9 projetado para uso com cabo de fibra de multi-modo utilizando o conector do tipo SC. O MC200CM suporta taxa de transmiss\u00e3o a laser de ondas curtas (SX) com a uma velocidade m\u00e1xima total. Ele funciona a 850nm, em ambas, transmiss\u00e3o e recep\u00e7\u00e3o de dados<\/p>\n<div data-content-type=\"row\" data-appearance=\"contained\" data-element=\"main\">\n<div data-enable-parallax=\"0\" data-parallax-speed=\"0.5\" data-background-images=\"{}\" data-background-type=\"image\" data-video-loop=\"true\" data-video-play-only-visible=\"true\" data-video-lazy-load=\"true\" data-video-fallback-src=\"\" data-element=\"inner\" data-pb-style=\"OF8G4U0\">\n<div data-content-type=\"divider\" data-appearance=\"default\" data-element=\"main\">\n<hr data-element=\"line\" data-pb-style=\"JA9RBCB\" \/>\n<\/div>\n<div data-content-type=\"html\" data-appearance=\"default\" data-element=\"main\" data-decoded=\"true\">\n<h2><strong>Especifica\u00e7\u00f5es T\u00e9cnicas<\/strong><\/h2>\n<table>\n<tbody>\n<tr>\n<td><strong>Produto<\/strong><\/td>\n<td>Conversor de M\u00eddia TP-LINK MULTIMODO 1000SX 550M<\/td>\n<\/tr>\n<tr>\n<td><strong>Fabricante\u00a0<\/strong><\/td>\n<td>TP-LINK<\/td>\n<\/tr>\n<tr>\n<td><strong>PN<\/strong><\/td>\n<td>MC200CM<\/td>\n<\/tr>\n<tr>\n<td><strong>EAN<\/strong><\/td>\n<td>6935364030438<\/td>\n<\/tr>\n<tr>\n<td><b>Padr\u00f5es e protocolos<\/b><\/td>\n<td>IEEE 802.3ab, IEEE 802.3z, IEEE 802.3x<\/td>\n<\/tr>\n<tr>\n<td><b>Fun\u00e7\u00f5es b\u00e1sicas\u00a0<\/b><\/td>\n<td>\n<ul>\n<li>Controle de Fluxo Full Duplex (IEEE 802.3x)<\/li>\n<li>Estende a dist\u00e2ncia da fibra em at\u00e9 0,5 quil\u00f4metros utilizando fibra 50\/125um<\/li>\n<li>Estende a dist\u00e2ncia da fibra em at\u00e9 0,22 quil\u00f4metros utilizando fibra 62.5\/125<\/li>\n<\/ul>\n<\/td>\n<\/tr>\n<tr>\n<td><b>Portas<\/b><\/td>\n<td>\n<div>1 porta SC\/UPC 1000M<\/div>\n<div>1 porta RJ45 10\/100\/1000M (Auto MDI \/ MDIX)<\/div>\n<\/td>\n<\/tr>\n<tr>\n<td><b>Comprimento da onda\u00a0<\/b><\/td>\n<td>850nm<\/td>\n<\/tr>\n<tr>\n<td><b>Network media 1000 base-fx<\/b><\/td>\n<td>Fibra de multi-modo<\/td>\n<\/tr>\n<tr>\n<td><b>Network media 1000 base-sx<\/b><\/td>\n<td>Multi-mode Fiber<\/td>\n<\/tr>\n<tr>\n<td><b>Network media 1000 base-t<\/b><\/td>\n<td>\n<div>UTP cabo categoria 5, 5e (m\u00e1ximo 100m)<\/div>\n<div>EIA\/TIA-568 100\u03a9 STP (m\u00e1ximo 100m)<\/div>\n<\/td>\n<\/tr>\n<tr>\n<td><strong>Indicadores LED<\/strong><\/td>\n<td>Ligado, Link, RX<\/td>\n<\/tr>\n<tr>\n<td><b>Dimens\u00f5es (LxCxA)<\/b><\/td>\n<td>\n<div>94,5&#215;73,0x27,0 mm<\/div>\n<\/td>\n<\/tr>\n<tr>\n<td><b>Fonte de energia\u00a0<\/b><\/td>\n<td>Adaptador de alimenta\u00e7\u00e3o externa<\/td>\n<\/tr>\n<tr>\n<td><b>Consumo de energia m\u00e1ximo<\/b><\/td>\n<td>5,5W<\/td>\n<\/tr>\n<tr>\n<td><b>Seguran\u00e7a e emiss\u00e3o\u00a0<\/b><\/td>\n<td>\n<div>FCC, CE, RoHS<\/div>\n<\/td>\n<\/tr>\n<tr>\n<td><strong>Conte\u00fado da embalagem<\/strong><\/td>\n<td>\n<div>\u2022 Conversor de m\u00eddia MC200CM<\/div>\n<div>\u2022 Adaptador de energia<\/div>\n<div>\u2022 Guia de instala\u00e7\u00e3o<\/div>\n<\/td>\n<\/tr>\n<tr>\n<td><strong>Ambiente\u00a0<\/strong><\/td>\n<td>\n<div>Temperatura de Opera\u00e7\u00e3o: 0 \u2103 ~ 40 \u2103 (32 \u2109 ~ 104 \u2109)<\/div>\n<div>Temperatura de armazenamento: -40 \u2103 ~ 70 \u2103 (-40 \u2109 ~ 158 \u2109)<\/div>\n<div>Umidade de Opera\u00e7\u00e3o: 10% ~ 90% sem condensa\u00e7\u00e3o<\/div>\n<div>Umidade de armazenamento: 5% ~ 90% sem condensa\u00e7\u00e3o<\/div>\n<\/td>\n<\/tr>\n<\/tbody>\n<\/table>\n<\/div>\n<\/div>\n<\/div>\n","protected":false},"excerpt":{"rendered":"<p>PRE\u00c7O SOB CONSULTA<\/p>\n","protected":false},"featured_media":4853,"comment_status":"open","ping_status":"closed","template":"","meta":[],"product_brand":[],"product_cat":[1160],"product_tag":[],"class_list":{"0":"post-4852","1":"product","2":"type-product","3":"status-publish","4":"has-post-thumbnail","6":"product_cat-conversor","8":"first","9":"onbackorder","10":"shipping-taxable","11":"product-type-simple"},"yoast_head":"<!-- This site is optimized with the Yoast SEO plugin v27.4 - https:\/\/yoast.com\/product\/yoast-seo-wordpress\/ -->\n<title>Conversor De M\u00eddia Tp-link Multimodo 1000sx 550m Mc200cm - BH IMPORTS &amp; EXPORTS<\/title>\n<meta name=\"robots\" content=\"index, follow, max-snippet:-1, max-image-preview:large, max-video-preview:-1\" \/>\n<link rel=\"canonical\" href=\"https:\/\/bhimportsexports.com\/hl=pt\/produto\/conversor-de-midia-tp-link-multimodo-1000sx-550m-mc200cm\/\" \/>\n<meta property=\"og:locale\" content=\"pt_BR\" \/>\n<meta property=\"og:type\" content=\"article\" \/>\n<meta property=\"og:title\" content=\"Conversor De M\u00eddia Tp-link Multimodo 1000sx 550m Mc200cm - BH IMPORTS &amp; EXPORTS\" \/>\n<meta property=\"og:description\" content=\"PRE\u00c7O SOB CONSULTA\" \/>\n<meta property=\"og:url\" content=\"https:\/\/bhimportsexports.com\/hl=pt\/produto\/conversor-de-midia-tp-link-multimodo-1000sx-550m-mc200cm\/\" \/>\n<meta property=\"og:site_name\" content=\"BH IMPORTS &amp; EXPORTS\" \/>\n<meta property=\"article:modified_time\" content=\"2026-03-19T22:09:40+00:00\" \/>\n<meta property=\"og:image\" content=\"https:\/\/bhimportsexports.com\/wp-content\/uploads\/2026\/03\/conversor-de-midia-tp-link-multimodo-1000sx-550m-mc200cm-0-1757064757117.webp\" \/>\n\t<meta property=\"og:image:width\" content=\"800\" \/>\n\t<meta property=\"og:image:height\" content=\"800\" \/>\n\t<meta property=\"og:image:type\" content=\"image\/webp\" \/>\n<meta name=\"twitter:card\" content=\"summary_large_image\" \/>\n<meta name=\"twitter:label1\" content=\"Est. tempo de leitura\" \/>\n\t<meta name=\"twitter:data1\" content=\"1 minuto\" \/>\n<script type=\"application\/ld+json\" class=\"yoast-schema-graph\">{\"@context\":\"https:\\\/\\\/schema.org\",\"@graph\":[{\"@type\":\"WebPage\",\"@id\":\"https:\\\/\\\/bhimportsexports.com\\\/hl=pt\\\/produto\\\/conversor-de-midia-tp-link-multimodo-1000sx-550m-mc200cm\\\/\",\"url\":\"https:\\\/\\\/bhimportsexports.com\\\/hl=pt\\\/produto\\\/conversor-de-midia-tp-link-multimodo-1000sx-550m-mc200cm\\\/\",\"name\":\"Conversor De M\u00eddia Tp-link Multimodo 1000sx 550m Mc200cm - BH IMPORTS &amp; EXPORTS\",\"isPartOf\":{\"@id\":\"https:\\\/\\\/bhimportsexports.com\\\/hl=pt\\\/#website\"},\"primaryImageOfPage\":{\"@id\":\"https:\\\/\\\/bhimportsexports.com\\\/hl=pt\\\/produto\\\/conversor-de-midia-tp-link-multimodo-1000sx-550m-mc200cm\\\/#primaryimage\"},\"image\":{\"@id\":\"https:\\\/\\\/bhimportsexports.com\\\/hl=pt\\\/produto\\\/conversor-de-midia-tp-link-multimodo-1000sx-550m-mc200cm\\\/#primaryimage\"},\"thumbnailUrl\":\"https:\\\/\\\/bhimportsexports.com\\\/wp-content\\\/uploads\\\/2026\\\/03\\\/conversor-de-midia-tp-link-multimodo-1000sx-550m-mc200cm-0-1757064757117.webp\",\"datePublished\":\"2026-03-19T21:46:44+00:00\",\"dateModified\":\"2026-03-19T22:09:40+00:00\",\"breadcrumb\":{\"@id\":\"https:\\\/\\\/bhimportsexports.com\\\/hl=pt\\\/produto\\\/conversor-de-midia-tp-link-multimodo-1000sx-550m-mc200cm\\\/#breadcrumb\"},\"inLanguage\":\"pt-BR\",\"potentialAction\":[{\"@type\":\"ReadAction\",\"target\":[\"https:\\\/\\\/bhimportsexports.com\\\/hl=pt\\\/produto\\\/conversor-de-midia-tp-link-multimodo-1000sx-550m-mc200cm\\\/\"]}]},{\"@type\":\"ImageObject\",\"inLanguage\":\"pt-BR\",\"@id\":\"https:\\\/\\\/bhimportsexports.com\\\/hl=pt\\\/produto\\\/conversor-de-midia-tp-link-multimodo-1000sx-550m-mc200cm\\\/#primaryimage\",\"url\":\"https:\\\/\\\/bhimportsexports.com\\\/wp-content\\\/uploads\\\/2026\\\/03\\\/conversor-de-midia-tp-link-multimodo-1000sx-550m-mc200cm-0-1757064757117.webp\",\"contentUrl\":\"https:\\\/\\\/bhimportsexports.com\\\/wp-content\\\/uploads\\\/2026\\\/03\\\/conversor-de-midia-tp-link-multimodo-1000sx-550m-mc200cm-0-1757064757117.webp\",\"width\":800,\"height\":800},{\"@type\":\"BreadcrumbList\",\"@id\":\"https:\\\/\\\/bhimportsexports.com\\\/hl=pt\\\/produto\\\/conversor-de-midia-tp-link-multimodo-1000sx-550m-mc200cm\\\/#breadcrumb\",\"itemListElement\":[{\"@type\":\"ListItem\",\"position\":1,\"name\":\"In\u00edcio\",\"item\":\"https:\\\/\\\/bhimportsexports.com\\\/hl=pt\\\/\"},{\"@type\":\"ListItem\",\"position\":2,\"name\":\"Loja\",\"item\":\"https:\\\/\\\/bhimportsexports.com\\\/hl=pt\\\/loja\\\/\"},{\"@type\":\"ListItem\",\"position\":3,\"name\":\"Conversor De M\u00eddia Tp-link Multimodo 1000sx 550m Mc200cm\"}]},{\"@type\":\"WebSite\",\"@id\":\"https:\\\/\\\/bhimportsexports.com\\\/hl=pt\\\/#website\",\"url\":\"https:\\\/\\\/bhimportsexports.com\\\/hl=pt\\\/\",\"name\":\"BH IMPORTS & EXPORTS\",\"description\":\"Innovation and excellence in international trade. Import, export, consultancy and sourcing.\",\"publisher\":{\"@id\":\"https:\\\/\\\/bhimportsexports.com\\\/hl=pt\\\/#organization\"},\"potentialAction\":[{\"@type\":\"SearchAction\",\"target\":{\"@type\":\"EntryPoint\",\"urlTemplate\":\"https:\\\/\\\/bhimportsexports.com\\\/hl=pt\\\/?s={search_term_string}\"},\"query-input\":{\"@type\":\"PropertyValueSpecification\",\"valueRequired\":true,\"valueName\":\"search_term_string\"}}],\"inLanguage\":\"pt-BR\"},{\"@type\":\"Organization\",\"@id\":\"https:\\\/\\\/bhimportsexports.com\\\/hl=pt\\\/#organization\",\"name\":\"BH IMPORTS & EXPORTS\",\"url\":\"https:\\\/\\\/bhimportsexports.com\\\/hl=pt\\\/\",\"logo\":{\"@type\":\"ImageObject\",\"inLanguage\":\"pt-BR\",\"@id\":\"https:\\\/\\\/bhimportsexports.com\\\/hl=pt\\\/#\\\/schema\\\/logo\\\/image\\\/\",\"url\":\"https:\\\/\\\/bhimportsexports.com\\\/wp-content\\\/uploads\\\/2024\\\/09\\\/BH-IMPORTS.png\",\"contentUrl\":\"https:\\\/\\\/bhimportsexports.com\\\/wp-content\\\/uploads\\\/2024\\\/09\\\/BH-IMPORTS.png\",\"width\":300,\"height\":200,\"caption\":\"BH IMPORTS & EXPORTS\"},\"image\":{\"@id\":\"https:\\\/\\\/bhimportsexports.com\\\/hl=pt\\\/#\\\/schema\\\/logo\\\/image\\\/\"}}]}<\/script>\n<!-- \/ Yoast SEO plugin. -->","yoast_head_json":{"title":"Conversor De M\u00eddia Tp-link Multimodo 1000sx 550m Mc200cm - BH IMPORTS &amp; EXPORTS","robots":{"index":"index","follow":"follow","max-snippet":"max-snippet:-1","max-image-preview":"max-image-preview:large","max-video-preview":"max-video-preview:-1"},"canonical":"https:\/\/bhimportsexports.com\/hl=pt\/produto\/conversor-de-midia-tp-link-multimodo-1000sx-550m-mc200cm\/","og_locale":"pt_BR","og_type":"article","og_title":"Conversor De M\u00eddia Tp-link Multimodo 1000sx 550m Mc200cm - BH IMPORTS &amp; EXPORTS","og_description":"PRE\u00c7O SOB CONSULTA","og_url":"https:\/\/bhimportsexports.com\/hl=pt\/produto\/conversor-de-midia-tp-link-multimodo-1000sx-550m-mc200cm\/","og_site_name":"BH IMPORTS &amp; EXPORTS","article_modified_time":"2026-03-19T22:09:40+00:00","og_image":[{"width":800,"height":800,"url":"https:\/\/bhimportsexports.com\/wp-content\/uploads\/2026\/03\/conversor-de-midia-tp-link-multimodo-1000sx-550m-mc200cm-0-1757064757117.webp","type":"image\/webp"}],"twitter_card":"summary_large_image","twitter_misc":{"Est. tempo de leitura":"1 minuto"},"schema":{"@context":"https:\/\/schema.org","@graph":[{"@type":"WebPage","@id":"https:\/\/bhimportsexports.com\/hl=pt\/produto\/conversor-de-midia-tp-link-multimodo-1000sx-550m-mc200cm\/","url":"https:\/\/bhimportsexports.com\/hl=pt\/produto\/conversor-de-midia-tp-link-multimodo-1000sx-550m-mc200cm\/","name":"Conversor De M\u00eddia Tp-link Multimodo 1000sx 550m Mc200cm - BH IMPORTS &amp; EXPORTS","isPartOf":{"@id":"https:\/\/bhimportsexports.com\/hl=pt\/#website"},"primaryImageOfPage":{"@id":"https:\/\/bhimportsexports.com\/hl=pt\/produto\/conversor-de-midia-tp-link-multimodo-1000sx-550m-mc200cm\/#primaryimage"},"image":{"@id":"https:\/\/bhimportsexports.com\/hl=pt\/produto\/conversor-de-midia-tp-link-multimodo-1000sx-550m-mc200cm\/#primaryimage"},"thumbnailUrl":"https:\/\/bhimportsexports.com\/wp-content\/uploads\/2026\/03\/conversor-de-midia-tp-link-multimodo-1000sx-550m-mc200cm-0-1757064757117.webp","datePublished":"2026-03-19T21:46:44+00:00","dateModified":"2026-03-19T22:09:40+00:00","breadcrumb":{"@id":"https:\/\/bhimportsexports.com\/hl=pt\/produto\/conversor-de-midia-tp-link-multimodo-1000sx-550m-mc200cm\/#breadcrumb"},"inLanguage":"pt-BR","potentialAction":[{"@type":"ReadAction","target":["https:\/\/bhimportsexports.com\/hl=pt\/produto\/conversor-de-midia-tp-link-multimodo-1000sx-550m-mc200cm\/"]}]},{"@type":"ImageObject","inLanguage":"pt-BR","@id":"https:\/\/bhimportsexports.com\/hl=pt\/produto\/conversor-de-midia-tp-link-multimodo-1000sx-550m-mc200cm\/#primaryimage","url":"https:\/\/bhimportsexports.com\/wp-content\/uploads\/2026\/03\/conversor-de-midia-tp-link-multimodo-1000sx-550m-mc200cm-0-1757064757117.webp","contentUrl":"https:\/\/bhimportsexports.com\/wp-content\/uploads\/2026\/03\/conversor-de-midia-tp-link-multimodo-1000sx-550m-mc200cm-0-1757064757117.webp","width":800,"height":800},{"@type":"BreadcrumbList","@id":"https:\/\/bhimportsexports.com\/hl=pt\/produto\/conversor-de-midia-tp-link-multimodo-1000sx-550m-mc200cm\/#breadcrumb","itemListElement":[{"@type":"ListItem","position":1,"name":"In\u00edcio","item":"https:\/\/bhimportsexports.com\/hl=pt\/"},{"@type":"ListItem","position":2,"name":"Loja","item":"https:\/\/bhimportsexports.com\/hl=pt\/loja\/"},{"@type":"ListItem","position":3,"name":"Conversor De M\u00eddia Tp-link Multimodo 1000sx 550m Mc200cm"}]},{"@type":"WebSite","@id":"https:\/\/bhimportsexports.com\/hl=pt\/#website","url":"https:\/\/bhimportsexports.com\/hl=pt\/","name":"BH IMPORTS & EXPORTS","description":"Innovation and excellence in international trade. Import, export, consultancy and sourcing.","publisher":{"@id":"https:\/\/bhimportsexports.com\/hl=pt\/#organization"},"potentialAction":[{"@type":"SearchAction","target":{"@type":"EntryPoint","urlTemplate":"https:\/\/bhimportsexports.com\/hl=pt\/?s={search_term_string}"},"query-input":{"@type":"PropertyValueSpecification","valueRequired":true,"valueName":"search_term_string"}}],"inLanguage":"pt-BR"},{"@type":"Organization","@id":"https:\/\/bhimportsexports.com\/hl=pt\/#organization","name":"BH IMPORTS & EXPORTS","url":"https:\/\/bhimportsexports.com\/hl=pt\/","logo":{"@type":"ImageObject","inLanguage":"pt-BR","@id":"https:\/\/bhimportsexports.com\/hl=pt\/#\/schema\/logo\/image\/","url":"https:\/\/bhimportsexports.com\/wp-content\/uploads\/2024\/09\/BH-IMPORTS.png","contentUrl":"https:\/\/bhimportsexports.com\/wp-content\/uploads\/2024\/09\/BH-IMPORTS.png","width":300,"height":200,"caption":"BH IMPORTS & EXPORTS"},"image":{"@id":"https:\/\/bhimportsexports.com\/hl=pt\/#\/schema\/logo\/image\/"}}]}},"_links":{"self":[{"href":"https:\/\/bhimportsexports.com\/hl=pt\/wp-json\/wp\/v2\/product\/4852","targetHints":{"allow":["GET"]}}],"collection":[{"href":"https:\/\/bhimportsexports.com\/hl=pt\/wp-json\/wp\/v2\/product"}],"about":[{"href":"https:\/\/bhimportsexports.com\/hl=pt\/wp-json\/wp\/v2\/types\/product"}],"replies":[{"embeddable":true,"href":"https:\/\/bhimportsexports.com\/hl=pt\/wp-json\/wp\/v2\/comments?post=4852"}],"wp:featuredmedia":[{"embeddable":true,"href":"https:\/\/bhimportsexports.com\/hl=pt\/wp-json\/wp\/v2\/media\/4853"}],"wp:attachment":[{"href":"https:\/\/bhimportsexports.com\/hl=pt\/wp-json\/wp\/v2\/media?parent=4852"}],"wp:term":[{"taxonomy":"product_brand","embeddable":true,"href":"https:\/\/bhimportsexports.com\/hl=pt\/wp-json\/wp\/v2\/product_brand?post=4852"},{"taxonomy":"product_cat","embeddable":true,"href":"https:\/\/bhimportsexports.com\/hl=pt\/wp-json\/wp\/v2\/product_cat?post=4852"},{"taxonomy":"product_tag","embeddable":true,"href":"https:\/\/bhimportsexports.com\/hl=pt\/wp-json\/wp\/v2\/product_tag?post=4852"}],"curies":[{"name":"wp","href":"https:\/\/api.w.org\/{rel}","templated":true}]}}