{"id":4833,"date":"2026-03-17T19:46:11","date_gmt":"2026-03-17T19:46:11","guid":{"rendered":"https:\/\/bhimportsexports.com\/hl=pt\/?post_type=product&#038;p=4833"},"modified":"2026-03-17T19:46:11","modified_gmt":"2026-03-17T19:46:11","slug":"contator-eaton-moeller-dilm9-10-9a-24vdc-trifasico-trilho-din","status":"publish","type":"product","link":"https:\/\/bhimportsexports.com\/hl=pt\/produto\/contator-eaton-moeller-dilm9-10-9a-24vdc-trifasico-trilho-din\/","title":{"rendered":"Contator Eaton Moeller DILM9-10 9A 24VDC Trif\u00e1sico Trilho DIN"},"content":{"rendered":"<p>O Contator de Pot\u00eancia DILM &#8211; 9A (AC-3) DILM9-01(24VDC) \u00e9 um produto de alta qualidade da marca Eaton Moeller. Possui uma tens\u00e3o de comando de 24VDC e um contato auxiliar de 1NF. Sua corrente nominal \u00e9 de 9A, o que o torna ideal para diversas aplica\u00e7\u00f5es. Este contator possui um tipo de contato auxiliar 1NA e um polo auxiliar. O material de contato \u00e9 de prata, garantindo uma excelente condutividade el\u00e9trica. O Contator DILM9-01 possui tr\u00eas p\u00f3los principais e \u00e9 adequado para motores trif\u00e1sicos. Sua montagem \u00e9 feita em trilho DIN, o que facilita a instala\u00e7\u00e3o. Este contator pode operar em uma ampla faixa de temperatura, de -25\u00baC at\u00e9 80\u00baC, tornando-o vers\u00e1til para diferentes ambientes e condi\u00e7\u00f5es de trabalho. \u00c9 recomendado para uso em equipamentos, ilumina\u00e7\u00e3o, motores e m\u00e1quinas. Pertence \u00e0 s\u00e9rie DILM e se enquadra nas categorias de utiliza\u00e7\u00e3o AC1, AC3, AC4. No entanto, vale ressaltar que este produto n\u00e3o possui prote\u00e7\u00e3o contra sobrecarga. O c\u00f3digo do fabricante \u00e9 276705; XTCE009B10TD.<\/p>\n","protected":false},"excerpt":{"rendered":"<p>PRE\u00c7O SOB CONSULTA<\/p>\n","protected":false},"featured_media":4834,"comment_status":"open","ping_status":"closed","template":"","meta":[],"product_brand":[],"product_cat":[1088],"product_tag":[],"class_list":{"0":"post-4833","1":"product","2":"type-product","3":"status-publish","4":"has-post-thumbnail","6":"product_cat-contator","8":"first","9":"onbackorder","10":"shipping-taxable","11":"product-type-simple"},"yoast_head":"<!-- This site is optimized with the Yoast SEO plugin v27.4 - https:\/\/yoast.com\/product\/yoast-seo-wordpress\/ -->\n<title>Contator Eaton Moeller DILM9-10 9A 24VDC Trif\u00e1sico Trilho DIN - BH IMPORTS &amp; EXPORTS<\/title>\n<meta name=\"robots\" content=\"index, follow, max-snippet:-1, max-image-preview:large, max-video-preview:-1\" \/>\n<link rel=\"canonical\" href=\"https:\/\/bhimportsexports.com\/hl=pt\/produto\/contator-eaton-moeller-dilm9-10-9a-24vdc-trifasico-trilho-din\/\" \/>\n<meta property=\"og:locale\" content=\"pt_BR\" \/>\n<meta property=\"og:type\" content=\"article\" \/>\n<meta property=\"og:title\" content=\"Contator Eaton Moeller DILM9-10 9A 24VDC Trif\u00e1sico Trilho DIN - BH IMPORTS &amp; EXPORTS\" \/>\n<meta property=\"og:description\" content=\"PRE\u00c7O SOB CONSULTA\" \/>\n<meta property=\"og:url\" content=\"https:\/\/bhimportsexports.com\/hl=pt\/produto\/contator-eaton-moeller-dilm9-10-9a-24vdc-trifasico-trilho-din\/\" \/>\n<meta property=\"og:site_name\" content=\"BH IMPORTS &amp; EXPORTS\" \/>\n<meta property=\"og:image\" content=\"https:\/\/bhimportsexports.com\/wp-content\/uploads\/2026\/03\/D_NQ_NP_2X_761673-MLA99995622061_112025-F.webp\" \/>\n\t<meta property=\"og:image:width\" content=\"1200\" \/>\n\t<meta property=\"og:image:height\" content=\"1104\" \/>\n\t<meta property=\"og:image:type\" content=\"image\/webp\" \/>\n<meta name=\"twitter:card\" content=\"summary_large_image\" \/>\n<meta name=\"twitter:label1\" content=\"Est. tempo de leitura\" \/>\n\t<meta name=\"twitter:data1\" content=\"1 minuto\" \/>\n<script type=\"application\/ld+json\" class=\"yoast-schema-graph\">{\"@context\":\"https:\\\/\\\/schema.org\",\"@graph\":[{\"@type\":\"WebPage\",\"@id\":\"https:\\\/\\\/bhimportsexports.com\\\/hl=pt\\\/produto\\\/contator-eaton-moeller-dilm9-10-9a-24vdc-trifasico-trilho-din\\\/\",\"url\":\"https:\\\/\\\/bhimportsexports.com\\\/hl=pt\\\/produto\\\/contator-eaton-moeller-dilm9-10-9a-24vdc-trifasico-trilho-din\\\/\",\"name\":\"Contator Eaton Moeller DILM9-10 9A 24VDC Trif\u00e1sico Trilho DIN - BH IMPORTS &amp; EXPORTS\",\"isPartOf\":{\"@id\":\"https:\\\/\\\/bhimportsexports.com\\\/hl=pt\\\/#website\"},\"primaryImageOfPage\":{\"@id\":\"https:\\\/\\\/bhimportsexports.com\\\/hl=pt\\\/produto\\\/contator-eaton-moeller-dilm9-10-9a-24vdc-trifasico-trilho-din\\\/#primaryimage\"},\"image\":{\"@id\":\"https:\\\/\\\/bhimportsexports.com\\\/hl=pt\\\/produto\\\/contator-eaton-moeller-dilm9-10-9a-24vdc-trifasico-trilho-din\\\/#primaryimage\"},\"thumbnailUrl\":\"https:\\\/\\\/bhimportsexports.com\\\/wp-content\\\/uploads\\\/2026\\\/03\\\/D_NQ_NP_2X_761673-MLA99995622061_112025-F.webp\",\"datePublished\":\"2026-03-17T19:46:11+00:00\",\"breadcrumb\":{\"@id\":\"https:\\\/\\\/bhimportsexports.com\\\/hl=pt\\\/produto\\\/contator-eaton-moeller-dilm9-10-9a-24vdc-trifasico-trilho-din\\\/#breadcrumb\"},\"inLanguage\":\"pt-BR\",\"potentialAction\":[{\"@type\":\"ReadAction\",\"target\":[\"https:\\\/\\\/bhimportsexports.com\\\/hl=pt\\\/produto\\\/contator-eaton-moeller-dilm9-10-9a-24vdc-trifasico-trilho-din\\\/\"]}]},{\"@type\":\"ImageObject\",\"inLanguage\":\"pt-BR\",\"@id\":\"https:\\\/\\\/bhimportsexports.com\\\/hl=pt\\\/produto\\\/contator-eaton-moeller-dilm9-10-9a-24vdc-trifasico-trilho-din\\\/#primaryimage\",\"url\":\"https:\\\/\\\/bhimportsexports.com\\\/wp-content\\\/uploads\\\/2026\\\/03\\\/D_NQ_NP_2X_761673-MLA99995622061_112025-F.webp\",\"contentUrl\":\"https:\\\/\\\/bhimportsexports.com\\\/wp-content\\\/uploads\\\/2026\\\/03\\\/D_NQ_NP_2X_761673-MLA99995622061_112025-F.webp\",\"width\":1200,\"height\":1104},{\"@type\":\"BreadcrumbList\",\"@id\":\"https:\\\/\\\/bhimportsexports.com\\\/hl=pt\\\/produto\\\/contator-eaton-moeller-dilm9-10-9a-24vdc-trifasico-trilho-din\\\/#breadcrumb\",\"itemListElement\":[{\"@type\":\"ListItem\",\"position\":1,\"name\":\"In\u00edcio\",\"item\":\"https:\\\/\\\/bhimportsexports.com\\\/hl=pt\\\/\"},{\"@type\":\"ListItem\",\"position\":2,\"name\":\"Loja\",\"item\":\"https:\\\/\\\/bhimportsexports.com\\\/hl=pt\\\/loja\\\/\"},{\"@type\":\"ListItem\",\"position\":3,\"name\":\"Contator Eaton Moeller DILM9-10 9A 24VDC Trif\u00e1sico Trilho DIN\"}]},{\"@type\":\"WebSite\",\"@id\":\"https:\\\/\\\/bhimportsexports.com\\\/hl=pt\\\/#website\",\"url\":\"https:\\\/\\\/bhimportsexports.com\\\/hl=pt\\\/\",\"name\":\"BH IMPORTS & EXPORTS\",\"description\":\"Innovation and excellence in international trade. Import, export, consultancy and sourcing.\",\"publisher\":{\"@id\":\"https:\\\/\\\/bhimportsexports.com\\\/hl=pt\\\/#organization\"},\"potentialAction\":[{\"@type\":\"SearchAction\",\"target\":{\"@type\":\"EntryPoint\",\"urlTemplate\":\"https:\\\/\\\/bhimportsexports.com\\\/hl=pt\\\/?s={search_term_string}\"},\"query-input\":{\"@type\":\"PropertyValueSpecification\",\"valueRequired\":true,\"valueName\":\"search_term_string\"}}],\"inLanguage\":\"pt-BR\"},{\"@type\":\"Organization\",\"@id\":\"https:\\\/\\\/bhimportsexports.com\\\/hl=pt\\\/#organization\",\"name\":\"BH IMPORTS & EXPORTS\",\"url\":\"https:\\\/\\\/bhimportsexports.com\\\/hl=pt\\\/\",\"logo\":{\"@type\":\"ImageObject\",\"inLanguage\":\"pt-BR\",\"@id\":\"https:\\\/\\\/bhimportsexports.com\\\/hl=pt\\\/#\\\/schema\\\/logo\\\/image\\\/\",\"url\":\"https:\\\/\\\/bhimportsexports.com\\\/wp-content\\\/uploads\\\/2024\\\/09\\\/BH-IMPORTS.png\",\"contentUrl\":\"https:\\\/\\\/bhimportsexports.com\\\/wp-content\\\/uploads\\\/2024\\\/09\\\/BH-IMPORTS.png\",\"width\":300,\"height\":200,\"caption\":\"BH IMPORTS & EXPORTS\"},\"image\":{\"@id\":\"https:\\\/\\\/bhimportsexports.com\\\/hl=pt\\\/#\\\/schema\\\/logo\\\/image\\\/\"}}]}<\/script>\n<!-- \/ Yoast SEO plugin. -->","yoast_head_json":{"title":"Contator Eaton Moeller DILM9-10 9A 24VDC Trif\u00e1sico Trilho DIN - BH IMPORTS &amp; EXPORTS","robots":{"index":"index","follow":"follow","max-snippet":"max-snippet:-1","max-image-preview":"max-image-preview:large","max-video-preview":"max-video-preview:-1"},"canonical":"https:\/\/bhimportsexports.com\/hl=pt\/produto\/contator-eaton-moeller-dilm9-10-9a-24vdc-trifasico-trilho-din\/","og_locale":"pt_BR","og_type":"article","og_title":"Contator Eaton Moeller DILM9-10 9A 24VDC Trif\u00e1sico Trilho DIN - BH IMPORTS &amp; EXPORTS","og_description":"PRE\u00c7O SOB CONSULTA","og_url":"https:\/\/bhimportsexports.com\/hl=pt\/produto\/contator-eaton-moeller-dilm9-10-9a-24vdc-trifasico-trilho-din\/","og_site_name":"BH IMPORTS &amp; EXPORTS","og_image":[{"width":1200,"height":1104,"url":"https:\/\/bhimportsexports.com\/wp-content\/uploads\/2026\/03\/D_NQ_NP_2X_761673-MLA99995622061_112025-F.webp","type":"image\/webp"}],"twitter_card":"summary_large_image","twitter_misc":{"Est. tempo de leitura":"1 minuto"},"schema":{"@context":"https:\/\/schema.org","@graph":[{"@type":"WebPage","@id":"https:\/\/bhimportsexports.com\/hl=pt\/produto\/contator-eaton-moeller-dilm9-10-9a-24vdc-trifasico-trilho-din\/","url":"https:\/\/bhimportsexports.com\/hl=pt\/produto\/contator-eaton-moeller-dilm9-10-9a-24vdc-trifasico-trilho-din\/","name":"Contator Eaton Moeller DILM9-10 9A 24VDC Trif\u00e1sico Trilho DIN - BH IMPORTS &amp; EXPORTS","isPartOf":{"@id":"https:\/\/bhimportsexports.com\/hl=pt\/#website"},"primaryImageOfPage":{"@id":"https:\/\/bhimportsexports.com\/hl=pt\/produto\/contator-eaton-moeller-dilm9-10-9a-24vdc-trifasico-trilho-din\/#primaryimage"},"image":{"@id":"https:\/\/bhimportsexports.com\/hl=pt\/produto\/contator-eaton-moeller-dilm9-10-9a-24vdc-trifasico-trilho-din\/#primaryimage"},"thumbnailUrl":"https:\/\/bhimportsexports.com\/wp-content\/uploads\/2026\/03\/D_NQ_NP_2X_761673-MLA99995622061_112025-F.webp","datePublished":"2026-03-17T19:46:11+00:00","breadcrumb":{"@id":"https:\/\/bhimportsexports.com\/hl=pt\/produto\/contator-eaton-moeller-dilm9-10-9a-24vdc-trifasico-trilho-din\/#breadcrumb"},"inLanguage":"pt-BR","potentialAction":[{"@type":"ReadAction","target":["https:\/\/bhimportsexports.com\/hl=pt\/produto\/contator-eaton-moeller-dilm9-10-9a-24vdc-trifasico-trilho-din\/"]}]},{"@type":"ImageObject","inLanguage":"pt-BR","@id":"https:\/\/bhimportsexports.com\/hl=pt\/produto\/contator-eaton-moeller-dilm9-10-9a-24vdc-trifasico-trilho-din\/#primaryimage","url":"https:\/\/bhimportsexports.com\/wp-content\/uploads\/2026\/03\/D_NQ_NP_2X_761673-MLA99995622061_112025-F.webp","contentUrl":"https:\/\/bhimportsexports.com\/wp-content\/uploads\/2026\/03\/D_NQ_NP_2X_761673-MLA99995622061_112025-F.webp","width":1200,"height":1104},{"@type":"BreadcrumbList","@id":"https:\/\/bhimportsexports.com\/hl=pt\/produto\/contator-eaton-moeller-dilm9-10-9a-24vdc-trifasico-trilho-din\/#breadcrumb","itemListElement":[{"@type":"ListItem","position":1,"name":"In\u00edcio","item":"https:\/\/bhimportsexports.com\/hl=pt\/"},{"@type":"ListItem","position":2,"name":"Loja","item":"https:\/\/bhimportsexports.com\/hl=pt\/loja\/"},{"@type":"ListItem","position":3,"name":"Contator Eaton Moeller DILM9-10 9A 24VDC Trif\u00e1sico Trilho DIN"}]},{"@type":"WebSite","@id":"https:\/\/bhimportsexports.com\/hl=pt\/#website","url":"https:\/\/bhimportsexports.com\/hl=pt\/","name":"BH IMPORTS & EXPORTS","description":"Innovation and excellence in international trade. Import, export, consultancy and sourcing.","publisher":{"@id":"https:\/\/bhimportsexports.com\/hl=pt\/#organization"},"potentialAction":[{"@type":"SearchAction","target":{"@type":"EntryPoint","urlTemplate":"https:\/\/bhimportsexports.com\/hl=pt\/?s={search_term_string}"},"query-input":{"@type":"PropertyValueSpecification","valueRequired":true,"valueName":"search_term_string"}}],"inLanguage":"pt-BR"},{"@type":"Organization","@id":"https:\/\/bhimportsexports.com\/hl=pt\/#organization","name":"BH IMPORTS & EXPORTS","url":"https:\/\/bhimportsexports.com\/hl=pt\/","logo":{"@type":"ImageObject","inLanguage":"pt-BR","@id":"https:\/\/bhimportsexports.com\/hl=pt\/#\/schema\/logo\/image\/","url":"https:\/\/bhimportsexports.com\/wp-content\/uploads\/2024\/09\/BH-IMPORTS.png","contentUrl":"https:\/\/bhimportsexports.com\/wp-content\/uploads\/2024\/09\/BH-IMPORTS.png","width":300,"height":200,"caption":"BH IMPORTS & EXPORTS"},"image":{"@id":"https:\/\/bhimportsexports.com\/hl=pt\/#\/schema\/logo\/image\/"}}]}},"_links":{"self":[{"href":"https:\/\/bhimportsexports.com\/hl=pt\/wp-json\/wp\/v2\/product\/4833","targetHints":{"allow":["GET"]}}],"collection":[{"href":"https:\/\/bhimportsexports.com\/hl=pt\/wp-json\/wp\/v2\/product"}],"about":[{"href":"https:\/\/bhimportsexports.com\/hl=pt\/wp-json\/wp\/v2\/types\/product"}],"replies":[{"embeddable":true,"href":"https:\/\/bhimportsexports.com\/hl=pt\/wp-json\/wp\/v2\/comments?post=4833"}],"wp:featuredmedia":[{"embeddable":true,"href":"https:\/\/bhimportsexports.com\/hl=pt\/wp-json\/wp\/v2\/media\/4834"}],"wp:attachment":[{"href":"https:\/\/bhimportsexports.com\/hl=pt\/wp-json\/wp\/v2\/media?parent=4833"}],"wp:term":[{"taxonomy":"product_brand","embeddable":true,"href":"https:\/\/bhimportsexports.com\/hl=pt\/wp-json\/wp\/v2\/product_brand?post=4833"},{"taxonomy":"product_cat","embeddable":true,"href":"https:\/\/bhimportsexports.com\/hl=pt\/wp-json\/wp\/v2\/product_cat?post=4833"},{"taxonomy":"product_tag","embeddable":true,"href":"https:\/\/bhimportsexports.com\/hl=pt\/wp-json\/wp\/v2\/product_tag?post=4833"}],"curies":[{"name":"wp","href":"https:\/\/api.w.org\/{rel}","templated":true}]}}