{"id":4265,"date":"2025-08-14T00:32:03","date_gmt":"2025-08-14T00:32:03","guid":{"rendered":"https:\/\/bhimportsexports.com\/hl=pt\/?post_type=product&#038;p=4265"},"modified":"2025-08-14T00:32:03","modified_gmt":"2025-08-14T00:32:03","slug":"ethernet-cat5-m12-macho-0-d-cod-idc-4-pol-014-034-mm%c2%b2-45-88-mm-blindado","status":"publish","type":"product","link":"https:\/\/bhimportsexports.com\/hl=pt\/produto\/ethernet-cat5-m12-macho-0-d-cod-idc-4-pol-014-034-mm%c2%b2-45-88-mm-blindado\/","title":{"rendered":"Ethernet CAT5 M12 macho 0\u00b0 D-cod. IDC 4 pol., 0,14 \u2013 0,34 mm\u00b2, 4,5 \u2013 8,8 mm, blindado"},"content":{"rendered":"<div class=\"elementor-element elementor-element-589b9f3 e-flex e-con-boxed e-con e-child\" data-id=\"589b9f3\" data-element_type=\"container\">\n<div class=\"e-con-inner\">\n<div class=\"elementor-element elementor-element-85d65c7 elementor-widget elementor-widget-text-editor\" data-id=\"85d65c7\" data-element_type=\"widget\" data-widget_type=\"text-editor.default\">\n<div class=\"elementor-widget-container\"><span>Ethernet CAT5 Macho reto M12, terminais IDC blindados com codifica\u00e7\u00e3o D de 4 polos Faixa de veda\u00e7\u00e3o (\u00d8 do cabo): 4,5\u20268,8 mm<\/span><\/div>\n<\/div>\n<\/div>\n<\/div>\n<div class=\"elementor-element elementor-element-b780bfe elementor-widget elementor-widget-spacer\" data-id=\"b780bfe\" data-element_type=\"widget\" data-widget_type=\"spacer.default\">\n<div class=\"elementor-widget-container\">\n<div class=\"elementor-spacer\"><\/div>\n<\/div>\n<\/div>\n","protected":false},"excerpt":{"rendered":"<p>PRE\u00c7O SOB CONSULTA<\/p>\n","protected":false},"featured_media":4266,"comment_status":"open","ping_status":"closed","template":"","meta":[],"product_brand":[],"product_cat":[1127],"product_tag":[],"class_list":{"0":"post-4265","1":"product","2":"type-product","3":"status-publish","4":"has-post-thumbnail","6":"product_cat-conector","8":"first","9":"onbackorder","10":"shipping-taxable","11":"product-type-simple"},"yoast_head":"<!-- This site is optimized with the Yoast SEO plugin v27.4 - https:\/\/yoast.com\/product\/yoast-seo-wordpress\/ -->\n<title>Ethernet CAT5 M12 macho 0\u00b0 D-cod. IDC 4 pol., 0,14 \u2013 0,34 mm\u00b2, 4,5 \u2013 8,8 mm, blindado - BH IMPORTS &amp; EXPORTS<\/title>\n<meta name=\"robots\" content=\"index, follow, max-snippet:-1, max-image-preview:large, max-video-preview:-1\" \/>\n<link rel=\"canonical\" href=\"https:\/\/bhimportsexports.com\/hl=pt\/produto\/ethernet-cat5-m12-macho-0-d-cod-idc-4-pol-014-034-mm\u00b2-45-88-mm-blindado\/\" \/>\n<meta property=\"og:locale\" content=\"pt_BR\" \/>\n<meta property=\"og:type\" content=\"article\" \/>\n<meta property=\"og:title\" content=\"Ethernet CAT5 M12 macho 0\u00b0 D-cod. IDC 4 pol., 0,14 \u2013 0,34 mm\u00b2, 4,5 \u2013 8,8 mm, blindado - BH IMPORTS &amp; EXPORTS\" \/>\n<meta property=\"og:description\" content=\"PRE\u00c7O SOB CONSULTA\" \/>\n<meta property=\"og:url\" content=\"https:\/\/bhimportsexports.com\/hl=pt\/produto\/ethernet-cat5-m12-macho-0-d-cod-idc-4-pol-014-034-mm\u00b2-45-88-mm-blindado\/\" \/>\n<meta property=\"og:site_name\" content=\"BH IMPORTS &amp; EXPORTS\" \/>\n<meta property=\"og:image\" content=\"https:\/\/bhimportsexports.com\/wp-content\/uploads\/2025\/08\/IMG851700_zoom-300x175-1.png\" \/>\n\t<meta property=\"og:image:width\" content=\"300\" \/>\n\t<meta property=\"og:image:height\" content=\"175\" \/>\n\t<meta property=\"og:image:type\" content=\"image\/png\" \/>\n<meta name=\"twitter:card\" content=\"summary_large_image\" \/>\n<script type=\"application\/ld+json\" class=\"yoast-schema-graph\">{\"@context\":\"https:\\\/\\\/schema.org\",\"@graph\":[{\"@type\":\"WebPage\",\"@id\":\"https:\\\/\\\/bhimportsexports.com\\\/hl=pt\\\/produto\\\/ethernet-cat5-m12-macho-0-d-cod-idc-4-pol-014-034-mm%c2%b2-45-88-mm-blindado\\\/\",\"url\":\"https:\\\/\\\/bhimportsexports.com\\\/hl=pt\\\/produto\\\/ethernet-cat5-m12-macho-0-d-cod-idc-4-pol-014-034-mm%c2%b2-45-88-mm-blindado\\\/\",\"name\":\"Ethernet CAT5 M12 macho 0\u00b0 D-cod. IDC 4 pol., 0,14 \u2013 0,34 mm\u00b2, 4,5 \u2013 8,8 mm, blindado - BH IMPORTS &amp; EXPORTS\",\"isPartOf\":{\"@id\":\"https:\\\/\\\/bhimportsexports.com\\\/hl=pt\\\/#website\"},\"primaryImageOfPage\":{\"@id\":\"https:\\\/\\\/bhimportsexports.com\\\/hl=pt\\\/produto\\\/ethernet-cat5-m12-macho-0-d-cod-idc-4-pol-014-034-mm%c2%b2-45-88-mm-blindado\\\/#primaryimage\"},\"image\":{\"@id\":\"https:\\\/\\\/bhimportsexports.com\\\/hl=pt\\\/produto\\\/ethernet-cat5-m12-macho-0-d-cod-idc-4-pol-014-034-mm%c2%b2-45-88-mm-blindado\\\/#primaryimage\"},\"thumbnailUrl\":\"https:\\\/\\\/bhimportsexports.com\\\/wp-content\\\/uploads\\\/2025\\\/08\\\/IMG851700_zoom-300x175-1.png\",\"datePublished\":\"2025-08-14T00:32:03+00:00\",\"breadcrumb\":{\"@id\":\"https:\\\/\\\/bhimportsexports.com\\\/hl=pt\\\/produto\\\/ethernet-cat5-m12-macho-0-d-cod-idc-4-pol-014-034-mm%c2%b2-45-88-mm-blindado\\\/#breadcrumb\"},\"inLanguage\":\"pt-BR\",\"potentialAction\":[{\"@type\":\"ReadAction\",\"target\":[\"https:\\\/\\\/bhimportsexports.com\\\/hl=pt\\\/produto\\\/ethernet-cat5-m12-macho-0-d-cod-idc-4-pol-014-034-mm%c2%b2-45-88-mm-blindado\\\/\"]}]},{\"@type\":\"ImageObject\",\"inLanguage\":\"pt-BR\",\"@id\":\"https:\\\/\\\/bhimportsexports.com\\\/hl=pt\\\/produto\\\/ethernet-cat5-m12-macho-0-d-cod-idc-4-pol-014-034-mm%c2%b2-45-88-mm-blindado\\\/#primaryimage\",\"url\":\"https:\\\/\\\/bhimportsexports.com\\\/wp-content\\\/uploads\\\/2025\\\/08\\\/IMG851700_zoom-300x175-1.png\",\"contentUrl\":\"https:\\\/\\\/bhimportsexports.com\\\/wp-content\\\/uploads\\\/2025\\\/08\\\/IMG851700_zoom-300x175-1.png\",\"width\":300,\"height\":175},{\"@type\":\"BreadcrumbList\",\"@id\":\"https:\\\/\\\/bhimportsexports.com\\\/hl=pt\\\/produto\\\/ethernet-cat5-m12-macho-0-d-cod-idc-4-pol-014-034-mm%c2%b2-45-88-mm-blindado\\\/#breadcrumb\",\"itemListElement\":[{\"@type\":\"ListItem\",\"position\":1,\"name\":\"In\u00edcio\",\"item\":\"https:\\\/\\\/bhimportsexports.com\\\/hl=pt\\\/\"},{\"@type\":\"ListItem\",\"position\":2,\"name\":\"Loja\",\"item\":\"https:\\\/\\\/bhimportsexports.com\\\/hl=pt\\\/loja\\\/\"},{\"@type\":\"ListItem\",\"position\":3,\"name\":\"Ethernet CAT5 M12 macho 0\u00b0 D-cod. IDC 4 pol., 0,14 \u2013 0,34 mm\u00b2, 4,5 \u2013 8,8 mm, blindado\"}]},{\"@type\":\"WebSite\",\"@id\":\"https:\\\/\\\/bhimportsexports.com\\\/hl=pt\\\/#website\",\"url\":\"https:\\\/\\\/bhimportsexports.com\\\/hl=pt\\\/\",\"name\":\"BH IMPORTS & EXPORTS\",\"description\":\"Innovation and excellence in international trade. Import, export, consultancy and sourcing.\",\"publisher\":{\"@id\":\"https:\\\/\\\/bhimportsexports.com\\\/hl=pt\\\/#organization\"},\"potentialAction\":[{\"@type\":\"SearchAction\",\"target\":{\"@type\":\"EntryPoint\",\"urlTemplate\":\"https:\\\/\\\/bhimportsexports.com\\\/hl=pt\\\/?s={search_term_string}\"},\"query-input\":{\"@type\":\"PropertyValueSpecification\",\"valueRequired\":true,\"valueName\":\"search_term_string\"}}],\"inLanguage\":\"pt-BR\"},{\"@type\":\"Organization\",\"@id\":\"https:\\\/\\\/bhimportsexports.com\\\/hl=pt\\\/#organization\",\"name\":\"BH IMPORTS & EXPORTS\",\"url\":\"https:\\\/\\\/bhimportsexports.com\\\/hl=pt\\\/\",\"logo\":{\"@type\":\"ImageObject\",\"inLanguage\":\"pt-BR\",\"@id\":\"https:\\\/\\\/bhimportsexports.com\\\/hl=pt\\\/#\\\/schema\\\/logo\\\/image\\\/\",\"url\":\"https:\\\/\\\/bhimportsexports.com\\\/wp-content\\\/uploads\\\/2024\\\/09\\\/BH-IMPORTS.png\",\"contentUrl\":\"https:\\\/\\\/bhimportsexports.com\\\/wp-content\\\/uploads\\\/2024\\\/09\\\/BH-IMPORTS.png\",\"width\":300,\"height\":200,\"caption\":\"BH IMPORTS & EXPORTS\"},\"image\":{\"@id\":\"https:\\\/\\\/bhimportsexports.com\\\/hl=pt\\\/#\\\/schema\\\/logo\\\/image\\\/\"}}]}<\/script>\n<!-- \/ Yoast SEO plugin. -->","yoast_head_json":{"title":"Ethernet CAT5 M12 macho 0\u00b0 D-cod. IDC 4 pol., 0,14 \u2013 0,34 mm\u00b2, 4,5 \u2013 8,8 mm, blindado - BH IMPORTS &amp; EXPORTS","robots":{"index":"index","follow":"follow","max-snippet":"max-snippet:-1","max-image-preview":"max-image-preview:large","max-video-preview":"max-video-preview:-1"},"canonical":"https:\/\/bhimportsexports.com\/hl=pt\/produto\/ethernet-cat5-m12-macho-0-d-cod-idc-4-pol-014-034-mm\u00b2-45-88-mm-blindado\/","og_locale":"pt_BR","og_type":"article","og_title":"Ethernet CAT5 M12 macho 0\u00b0 D-cod. IDC 4 pol., 0,14 \u2013 0,34 mm\u00b2, 4,5 \u2013 8,8 mm, blindado - BH IMPORTS &amp; EXPORTS","og_description":"PRE\u00c7O SOB CONSULTA","og_url":"https:\/\/bhimportsexports.com\/hl=pt\/produto\/ethernet-cat5-m12-macho-0-d-cod-idc-4-pol-014-034-mm\u00b2-45-88-mm-blindado\/","og_site_name":"BH IMPORTS &amp; EXPORTS","og_image":[{"width":300,"height":175,"url":"https:\/\/bhimportsexports.com\/wp-content\/uploads\/2025\/08\/IMG851700_zoom-300x175-1.png","type":"image\/png"}],"twitter_card":"summary_large_image","schema":{"@context":"https:\/\/schema.org","@graph":[{"@type":"WebPage","@id":"https:\/\/bhimportsexports.com\/hl=pt\/produto\/ethernet-cat5-m12-macho-0-d-cod-idc-4-pol-014-034-mm%c2%b2-45-88-mm-blindado\/","url":"https:\/\/bhimportsexports.com\/hl=pt\/produto\/ethernet-cat5-m12-macho-0-d-cod-idc-4-pol-014-034-mm%c2%b2-45-88-mm-blindado\/","name":"Ethernet CAT5 M12 macho 0\u00b0 D-cod. IDC 4 pol., 0,14 \u2013 0,34 mm\u00b2, 4,5 \u2013 8,8 mm, blindado - BH IMPORTS &amp; EXPORTS","isPartOf":{"@id":"https:\/\/bhimportsexports.com\/hl=pt\/#website"},"primaryImageOfPage":{"@id":"https:\/\/bhimportsexports.com\/hl=pt\/produto\/ethernet-cat5-m12-macho-0-d-cod-idc-4-pol-014-034-mm%c2%b2-45-88-mm-blindado\/#primaryimage"},"image":{"@id":"https:\/\/bhimportsexports.com\/hl=pt\/produto\/ethernet-cat5-m12-macho-0-d-cod-idc-4-pol-014-034-mm%c2%b2-45-88-mm-blindado\/#primaryimage"},"thumbnailUrl":"https:\/\/bhimportsexports.com\/wp-content\/uploads\/2025\/08\/IMG851700_zoom-300x175-1.png","datePublished":"2025-08-14T00:32:03+00:00","breadcrumb":{"@id":"https:\/\/bhimportsexports.com\/hl=pt\/produto\/ethernet-cat5-m12-macho-0-d-cod-idc-4-pol-014-034-mm%c2%b2-45-88-mm-blindado\/#breadcrumb"},"inLanguage":"pt-BR","potentialAction":[{"@type":"ReadAction","target":["https:\/\/bhimportsexports.com\/hl=pt\/produto\/ethernet-cat5-m12-macho-0-d-cod-idc-4-pol-014-034-mm%c2%b2-45-88-mm-blindado\/"]}]},{"@type":"ImageObject","inLanguage":"pt-BR","@id":"https:\/\/bhimportsexports.com\/hl=pt\/produto\/ethernet-cat5-m12-macho-0-d-cod-idc-4-pol-014-034-mm%c2%b2-45-88-mm-blindado\/#primaryimage","url":"https:\/\/bhimportsexports.com\/wp-content\/uploads\/2025\/08\/IMG851700_zoom-300x175-1.png","contentUrl":"https:\/\/bhimportsexports.com\/wp-content\/uploads\/2025\/08\/IMG851700_zoom-300x175-1.png","width":300,"height":175},{"@type":"BreadcrumbList","@id":"https:\/\/bhimportsexports.com\/hl=pt\/produto\/ethernet-cat5-m12-macho-0-d-cod-idc-4-pol-014-034-mm%c2%b2-45-88-mm-blindado\/#breadcrumb","itemListElement":[{"@type":"ListItem","position":1,"name":"In\u00edcio","item":"https:\/\/bhimportsexports.com\/hl=pt\/"},{"@type":"ListItem","position":2,"name":"Loja","item":"https:\/\/bhimportsexports.com\/hl=pt\/loja\/"},{"@type":"ListItem","position":3,"name":"Ethernet CAT5 M12 macho 0\u00b0 D-cod. IDC 4 pol., 0,14 \u2013 0,34 mm\u00b2, 4,5 \u2013 8,8 mm, blindado"}]},{"@type":"WebSite","@id":"https:\/\/bhimportsexports.com\/hl=pt\/#website","url":"https:\/\/bhimportsexports.com\/hl=pt\/","name":"BH IMPORTS & EXPORTS","description":"Innovation and excellence in international trade. Import, export, consultancy and sourcing.","publisher":{"@id":"https:\/\/bhimportsexports.com\/hl=pt\/#organization"},"potentialAction":[{"@type":"SearchAction","target":{"@type":"EntryPoint","urlTemplate":"https:\/\/bhimportsexports.com\/hl=pt\/?s={search_term_string}"},"query-input":{"@type":"PropertyValueSpecification","valueRequired":true,"valueName":"search_term_string"}}],"inLanguage":"pt-BR"},{"@type":"Organization","@id":"https:\/\/bhimportsexports.com\/hl=pt\/#organization","name":"BH IMPORTS & EXPORTS","url":"https:\/\/bhimportsexports.com\/hl=pt\/","logo":{"@type":"ImageObject","inLanguage":"pt-BR","@id":"https:\/\/bhimportsexports.com\/hl=pt\/#\/schema\/logo\/image\/","url":"https:\/\/bhimportsexports.com\/wp-content\/uploads\/2024\/09\/BH-IMPORTS.png","contentUrl":"https:\/\/bhimportsexports.com\/wp-content\/uploads\/2024\/09\/BH-IMPORTS.png","width":300,"height":200,"caption":"BH IMPORTS & EXPORTS"},"image":{"@id":"https:\/\/bhimportsexports.com\/hl=pt\/#\/schema\/logo\/image\/"}}]}},"_links":{"self":[{"href":"https:\/\/bhimportsexports.com\/hl=pt\/wp-json\/wp\/v2\/product\/4265","targetHints":{"allow":["GET"]}}],"collection":[{"href":"https:\/\/bhimportsexports.com\/hl=pt\/wp-json\/wp\/v2\/product"}],"about":[{"href":"https:\/\/bhimportsexports.com\/hl=pt\/wp-json\/wp\/v2\/types\/product"}],"replies":[{"embeddable":true,"href":"https:\/\/bhimportsexports.com\/hl=pt\/wp-json\/wp\/v2\/comments?post=4265"}],"wp:featuredmedia":[{"embeddable":true,"href":"https:\/\/bhimportsexports.com\/hl=pt\/wp-json\/wp\/v2\/media\/4266"}],"wp:attachment":[{"href":"https:\/\/bhimportsexports.com\/hl=pt\/wp-json\/wp\/v2\/media?parent=4265"}],"wp:term":[{"taxonomy":"product_brand","embeddable":true,"href":"https:\/\/bhimportsexports.com\/hl=pt\/wp-json\/wp\/v2\/product_brand?post=4265"},{"taxonomy":"product_cat","embeddable":true,"href":"https:\/\/bhimportsexports.com\/hl=pt\/wp-json\/wp\/v2\/product_cat?post=4265"},{"taxonomy":"product_tag","embeddable":true,"href":"https:\/\/bhimportsexports.com\/hl=pt\/wp-json\/wp\/v2\/product_tag?post=4265"}],"curies":[{"name":"wp","href":"https:\/\/api.w.org\/{rel}","templated":true}]}}