{"id":3940,"date":"2025-05-01T14:54:01","date_gmt":"2025-05-01T14:54:01","guid":{"rendered":"https:\/\/bhimportsexports.com\/hl=pt\/?post_type=product&#038;p=3940"},"modified":"2025-05-01T14:54:01","modified_gmt":"2025-05-01T14:54:01","slug":"rolamento-de-rolos-cilindricos-bc1-0314-skf","status":"publish","type":"product","link":"https:\/\/bhimportsexports.com\/hl=pt\/produto\/rolamento-de-rolos-cilindricos-bc1-0314-skf\/","title":{"rendered":"Rolamento de Rolos Cil\u00edndricos BC1-0314 &#8211; SKF"},"content":{"rendered":"<p>A imagem pode ser diferente do produto. Consulte a especifica\u00e7\u00e3o t\u00e9cnica para obter detalhes.<\/p>\n<p>Rolamento de rolos cil\u00edndricos de uma carreira, modelo NJF. Os rolamentos de rolos cil\u00edndricos de uma carreira s\u00e3o projetados para suportar cargas radiais elevadas em conjunto com velocidades altas. Com dois flanges integrais no anel externo e um flange no anel interno, os rolamentos modelo NJF podem suportar deslocamento axial em uma dire\u00e7\u00e3o. Um anel de reten\u00e7\u00e3o no anel interno fornece um ressalto para manter os componentes do rolamento no lugar. O anel de reten\u00e7\u00e3o n\u00e3o deve ser carregado no sentido axial durante a opera\u00e7\u00e3o.<\/p>\n<p>&nbsp;<\/p>\n<ul>\n<li>Alta capacidade de carga radial<\/li>\n<li>Baixo atrito<\/li>\n<li>Longa vida \u00fatil<\/li>\n<li>Fixa o eixo axialmente em uma dire\u00e7\u00e3o<\/li>\n<\/ul>\n<p>&nbsp;<\/p>\n<ul>\n<li>Marca: SKF<\/li>\n<li>C\u00f3digo do Produto:\u00a0BC1-0314<\/li>\n<li>Grupo:\u00a0Rolamentos de Rolos Cil\u00edndricos<\/li>\n<li>NCM:\u00a084825090<\/li>\n<li>Di\u00e2metro Interno: 35mm<\/li>\n<li>Di\u00e2metro Externo: 80mm<\/li>\n<li>Largura: 21mm<\/li>\n<li>Peso:\u00a00,50000kg<\/li>\n<li>C\u00f3digo de barras:\u00a07316574845378<\/li>\n<li>IMAGEM MERAMENTE ILUSTRATIVA<\/li>\n<\/ul>\n<h3 class=\"category-name\"><\/h3>\n<h3 class=\"category-name\">Dimens\u00f5es<\/h3>\n<table class=\"table\" aria-describedby=\"Dimens\u00f5es\">\n<tbody>\n<tr>\n<td class=\"feature-name\"><span class=\"name\">Di\u00e2metro do furo<\/span><\/td>\n<td class=\"feature-value value-no-wrap\"><span class=\"value\">35<\/span><span class=\"unit\">\u00a0mm<\/span><\/td>\n<\/tr>\n<tr>\n<td class=\"feature-name\"><span class=\"name\">Di\u00e2metro externo<\/span><\/td>\n<td class=\"feature-value value-no-wrap\"><span class=\"value\">80<\/span><span class=\"unit\">\u00a0mm<\/span><\/td>\n<\/tr>\n<tr>\n<td class=\"feature-name\"><span class=\"name\">Largura<\/span><\/td>\n<td class=\"feature-value value-no-wrap\"><span class=\"value\">21<\/span><span class=\"unit\">\u00a0mm<\/span><\/td>\n<\/tr>\n<\/tbody>\n<\/table>\n<h3 class=\"category-name\">Propriedades<\/h3>\n<table class=\"table\" aria-describedby=\"Propriedades\">\n<tbody>\n<tr>\n<td class=\"feature-name\"><span class=\"name\">Pe\u00e7a do rolamento<\/span><\/td>\n<td class=\"feature-value value-no-wrap\"><span class=\"value\">Rolamento completo<\/span><\/td>\n<\/tr>\n<tr>\n<td class=\"feature-name\"><span class=\"name\">N\u00famero de carreiras<\/span><\/td>\n<td class=\"feature-value value-no-wrap\"><span class=\"value\">1<\/span><\/td>\n<\/tr>\n<tr>\n<td class=\"feature-name\"><span class=\"name\">Recurso de localiza\u00e7\u00e3o, anel externo do rolamento<\/span><\/td>\n<td class=\"feature-value value-no-wrap\"><span class=\"value\">Nenhum<\/span><\/td>\n<\/tr>\n<tr>\n<td class=\"feature-name\"><span class=\"name\">Tipo de furo<\/span><\/td>\n<td class=\"feature-value value-no-wrap\"><span class=\"value\">Cil\u00edndrico<\/span><\/td>\n<\/tr>\n<tr>\n<td class=\"feature-name\"><span class=\"name\">Gaiola<\/span><\/td>\n<td class=\"feature-value value-no-wrap\"><span class=\"value\">N\u00e3o met\u00e1lico<\/span><\/td>\n<\/tr>\n<tr>\n<td class=\"feature-name\"><span class=\"name\">N\u00famero de flanges, anel externo<\/span><\/td>\n<td class=\"feature-value value-no-wrap\"><span class=\"value\">2<\/span><\/td>\n<\/tr>\n<tr>\n<td class=\"feature-name\"><span class=\"name\">N\u00famero de flanges, anel interno<\/span><\/td>\n<td class=\"feature-value value-no-wrap\"><span class=\"value\">1<\/span><\/td>\n<\/tr>\n<tr>\n<td class=\"feature-name\"><span class=\"name\">Flange solto<\/span><\/td>\n<td class=\"feature-value value-no-wrap\"><span class=\"value\">Nenhum<\/span><\/td>\n<\/tr>\n<tr>\n<td class=\"feature-name\"><span class=\"name\">Folga interna radial<\/span><\/td>\n<td class=\"feature-value value-no-wrap\"><span class=\"value\">CN<\/span><\/td>\n<\/tr>\n<tr>\n<td class=\"feature-name\"><span class=\"name\">Classe de toler\u00e2ncia<\/span><\/td>\n<td class=\"feature-value value-no-wrap\"><span class=\"value\">Normal<\/span><\/td>\n<\/tr>\n<tr>\n<td class=\"feature-name\"><span class=\"name\">Revestimento<\/span><\/td>\n<td class=\"feature-value value-no-wrap\"><span class=\"value\">Sem<\/span><\/td>\n<\/tr>\n<tr>\n<td class=\"feature-name\"><span class=\"name\">Veda\u00e7\u00e3o<\/span><\/td>\n<td class=\"feature-value value-no-wrap\"><span class=\"value\">Sem<\/span><\/td>\n<\/tr>\n<tr>\n<td class=\"feature-name\"><span class=\"name\">Lubrificante<\/span><\/td>\n<td class=\"feature-value value-no-wrap\"><span class=\"value\">Nenhum<\/span><\/td>\n<\/tr>\n<tr>\n<td class=\"feature-name\"><span class=\"name\">Recurso de relubrifica\u00e7\u00e3o<\/span><\/td>\n<td class=\"feature-value value-no-wrap\"><span class=\"value\">Sem<\/span><\/td>\n<\/tr>\n<\/tbody>\n<\/table>\n<p>&nbsp;<\/p>\n<h3 class=\"category-name\">Desempenho<\/h3>\n<table class=\"table\" aria-describedby=\"Desempenho\">\n<tbody>\n<tr>\n<td class=\"feature-name\"><span class=\"name\"><span style=\"color: #333333; font-family: sans-serif, Arial, Verdana, Trebuchet MS;\">Classifica\u00e7\u00e3o de carga din\u00e2mica b\u00e1sica<\/span><\/span><\/td>\n<td class=\"feature-value value-no-wrap\"><span style=\"color: #333333; font-family: sans-serif, Arial, Verdana, Trebuchet MS;\"><span class=\"value\">75<\/span><span class=\"unit\">\u00a0kN<\/span><\/span><\/td>\n<\/tr>\n<tr>\n<td class=\"feature-name\"><span class=\"name\"><span style=\"color: #333333; font-family: sans-serif, Arial, Verdana, Trebuchet MS;\">Classifica\u00e7\u00e3o de carga est\u00e1tica b\u00e1sica<\/span><\/span><\/td>\n<td class=\"feature-value value-no-wrap\"><span style=\"color: #333333; font-family: sans-serif, Arial, Verdana, Trebuchet MS;\"><span class=\"value\">63<\/span><span class=\"unit\">\u00a0kN<\/span><\/span><\/td>\n<\/tr>\n<tr>\n<td class=\"feature-name\"><span class=\"name\"><span style=\"color: #333333; font-family: sans-serif, Arial, Verdana, Trebuchet MS;\">Velocidade de refer\u00eancia<\/span><\/span><\/td>\n<td class=\"feature-value value-no-wrap\"><span style=\"color: #333333; font-family: sans-serif, Arial, Verdana, Trebuchet MS;\"><span class=\"value\">9 500<\/span><span class=\"unit\">\u00a0r\/min<\/span><\/span><\/td>\n<\/tr>\n<tr>\n<td class=\"feature-name\"><span class=\"name\"><span style=\"color: #333333; font-family: sans-serif, Arial, Verdana, Trebuchet MS;\">Velocidade-limite<\/span><\/span><\/td>\n<td class=\"feature-value value-no-wrap\"><span style=\"color: #333333; font-family: sans-serif, Arial, Verdana, Trebuchet MS;\"><span class=\"value\">11 000<\/span><span class=\"unit\">\u00a0r\/min<\/span><\/span><\/td>\n<\/tr>\n<\/tbody>\n<\/table>\n","protected":false},"excerpt":{"rendered":"<p>A imagem pode ser diferente do produto. Consulte a especifica\u00e7\u00e3o t\u00e9cnica para obter detalhes. Rolamento de rolos cil\u00edndricos de uma carreira, modelo NJF. Os rolamentos de rolos cil\u00edndricos de uma carreira s\u00e3o projetados para suportar cargas radiais elevadas em conjunto com velocidades altas. Com dois flanges integrais no anel externo e um flange no anel [&hellip;]<\/p>\n","protected":false},"featured_media":3941,"comment_status":"open","ping_status":"closed","template":"","meta":[],"product_brand":[],"product_cat":[1156],"product_tag":[],"class_list":{"0":"post-3940","1":"product","2":"type-product","3":"status-publish","4":"has-post-thumbnail","6":"product_cat-rolamento","8":"first","9":"onbackorder","10":"shipping-taxable","11":"purchasable","12":"product-type-simple"},"yoast_head":"<!-- This site is optimized with the Yoast SEO plugin v27.4 - https:\/\/yoast.com\/product\/yoast-seo-wordpress\/ -->\n<title>Rolamento de Rolos Cil\u00edndricos BC1-0314 - SKF - BH IMPORTS &amp; EXPORTS<\/title>\n<meta name=\"robots\" content=\"index, follow, max-snippet:-1, max-image-preview:large, max-video-preview:-1\" \/>\n<link rel=\"canonical\" href=\"https:\/\/bhimportsexports.com\/hl=pt\/produto\/rolamento-de-rolos-cilindricos-bc1-0314-skf\/\" \/>\n<meta property=\"og:locale\" content=\"pt_BR\" \/>\n<meta property=\"og:type\" content=\"article\" \/>\n<meta property=\"og:title\" content=\"Rolamento de Rolos Cil\u00edndricos BC1-0314 - SKF - BH IMPORTS &amp; EXPORTS\" \/>\n<meta property=\"og:description\" content=\"A imagem pode ser diferente do produto. Consulte a especifica\u00e7\u00e3o t\u00e9cnica para obter detalhes. Rolamento de rolos cil\u00edndricos de uma carreira, modelo NJF. Os rolamentos de rolos cil\u00edndricos de uma carreira s\u00e3o projetados para suportar cargas radiais elevadas em conjunto com velocidades altas. Com dois flanges integrais no anel externo e um flange no anel [&hellip;]\" \/>\n<meta property=\"og:url\" content=\"https:\/\/bhimportsexports.com\/hl=pt\/produto\/rolamento-de-rolos-cilindricos-bc1-0314-skf\/\" \/>\n<meta property=\"og:site_name\" content=\"BH IMPORTS &amp; EXPORTS\" \/>\n<meta property=\"og:image\" content=\"https:\/\/bhimportsexports.com\/wp-content\/uploads\/2025\/05\/rolamento_de_rolos_cilindricos_bc1_0314_skf_107058_1_ffadf1c444bae38bdfc8486a4d355cb0.webp\" \/>\n\t<meta property=\"og:image:width\" content=\"1000\" \/>\n\t<meta property=\"og:image:height\" content=\"650\" \/>\n\t<meta property=\"og:image:type\" content=\"image\/webp\" \/>\n<meta name=\"twitter:card\" content=\"summary_large_image\" \/>\n<meta name=\"twitter:label1\" content=\"Est. tempo de leitura\" \/>\n\t<meta name=\"twitter:data1\" content=\"2 minutos\" \/>\n<script type=\"application\/ld+json\" class=\"yoast-schema-graph\">{\"@context\":\"https:\\\/\\\/schema.org\",\"@graph\":[{\"@type\":\"WebPage\",\"@id\":\"https:\\\/\\\/bhimportsexports.com\\\/hl=pt\\\/produto\\\/rolamento-de-rolos-cilindricos-bc1-0314-skf\\\/\",\"url\":\"https:\\\/\\\/bhimportsexports.com\\\/hl=pt\\\/produto\\\/rolamento-de-rolos-cilindricos-bc1-0314-skf\\\/\",\"name\":\"Rolamento de Rolos Cil\u00edndricos BC1-0314 - SKF - BH IMPORTS &amp; EXPORTS\",\"isPartOf\":{\"@id\":\"https:\\\/\\\/bhimportsexports.com\\\/hl=pt\\\/#website\"},\"primaryImageOfPage\":{\"@id\":\"https:\\\/\\\/bhimportsexports.com\\\/hl=pt\\\/produto\\\/rolamento-de-rolos-cilindricos-bc1-0314-skf\\\/#primaryimage\"},\"image\":{\"@id\":\"https:\\\/\\\/bhimportsexports.com\\\/hl=pt\\\/produto\\\/rolamento-de-rolos-cilindricos-bc1-0314-skf\\\/#primaryimage\"},\"thumbnailUrl\":\"https:\\\/\\\/bhimportsexports.com\\\/wp-content\\\/uploads\\\/2025\\\/05\\\/rolamento_de_rolos_cilindricos_bc1_0314_skf_107058_1_ffadf1c444bae38bdfc8486a4d355cb0.webp\",\"datePublished\":\"2025-05-01T14:54:01+00:00\",\"breadcrumb\":{\"@id\":\"https:\\\/\\\/bhimportsexports.com\\\/hl=pt\\\/produto\\\/rolamento-de-rolos-cilindricos-bc1-0314-skf\\\/#breadcrumb\"},\"inLanguage\":\"pt-BR\",\"potentialAction\":[{\"@type\":\"ReadAction\",\"target\":[\"https:\\\/\\\/bhimportsexports.com\\\/hl=pt\\\/produto\\\/rolamento-de-rolos-cilindricos-bc1-0314-skf\\\/\"]}]},{\"@type\":\"ImageObject\",\"inLanguage\":\"pt-BR\",\"@id\":\"https:\\\/\\\/bhimportsexports.com\\\/hl=pt\\\/produto\\\/rolamento-de-rolos-cilindricos-bc1-0314-skf\\\/#primaryimage\",\"url\":\"https:\\\/\\\/bhimportsexports.com\\\/wp-content\\\/uploads\\\/2025\\\/05\\\/rolamento_de_rolos_cilindricos_bc1_0314_skf_107058_1_ffadf1c444bae38bdfc8486a4d355cb0.webp\",\"contentUrl\":\"https:\\\/\\\/bhimportsexports.com\\\/wp-content\\\/uploads\\\/2025\\\/05\\\/rolamento_de_rolos_cilindricos_bc1_0314_skf_107058_1_ffadf1c444bae38bdfc8486a4d355cb0.webp\",\"width\":1000,\"height\":650},{\"@type\":\"BreadcrumbList\",\"@id\":\"https:\\\/\\\/bhimportsexports.com\\\/hl=pt\\\/produto\\\/rolamento-de-rolos-cilindricos-bc1-0314-skf\\\/#breadcrumb\",\"itemListElement\":[{\"@type\":\"ListItem\",\"position\":1,\"name\":\"In\u00edcio\",\"item\":\"https:\\\/\\\/bhimportsexports.com\\\/hl=pt\\\/\"},{\"@type\":\"ListItem\",\"position\":2,\"name\":\"Loja\",\"item\":\"https:\\\/\\\/bhimportsexports.com\\\/hl=pt\\\/loja\\\/\"},{\"@type\":\"ListItem\",\"position\":3,\"name\":\"Rolamento de Rolos Cil\u00edndricos BC1-0314 &#8211; SKF\"}]},{\"@type\":\"WebSite\",\"@id\":\"https:\\\/\\\/bhimportsexports.com\\\/hl=pt\\\/#website\",\"url\":\"https:\\\/\\\/bhimportsexports.com\\\/hl=pt\\\/\",\"name\":\"BH IMPORTS & EXPORTS\",\"description\":\"Innovation and excellence in international trade. Import, export, consultancy and sourcing.\",\"publisher\":{\"@id\":\"https:\\\/\\\/bhimportsexports.com\\\/hl=pt\\\/#organization\"},\"potentialAction\":[{\"@type\":\"SearchAction\",\"target\":{\"@type\":\"EntryPoint\",\"urlTemplate\":\"https:\\\/\\\/bhimportsexports.com\\\/hl=pt\\\/?s={search_term_string}\"},\"query-input\":{\"@type\":\"PropertyValueSpecification\",\"valueRequired\":true,\"valueName\":\"search_term_string\"}}],\"inLanguage\":\"pt-BR\"},{\"@type\":\"Organization\",\"@id\":\"https:\\\/\\\/bhimportsexports.com\\\/hl=pt\\\/#organization\",\"name\":\"BH IMPORTS & EXPORTS\",\"url\":\"https:\\\/\\\/bhimportsexports.com\\\/hl=pt\\\/\",\"logo\":{\"@type\":\"ImageObject\",\"inLanguage\":\"pt-BR\",\"@id\":\"https:\\\/\\\/bhimportsexports.com\\\/hl=pt\\\/#\\\/schema\\\/logo\\\/image\\\/\",\"url\":\"https:\\\/\\\/bhimportsexports.com\\\/wp-content\\\/uploads\\\/2024\\\/09\\\/BH-IMPORTS.png\",\"contentUrl\":\"https:\\\/\\\/bhimportsexports.com\\\/wp-content\\\/uploads\\\/2024\\\/09\\\/BH-IMPORTS.png\",\"width\":300,\"height\":200,\"caption\":\"BH IMPORTS & EXPORTS\"},\"image\":{\"@id\":\"https:\\\/\\\/bhimportsexports.com\\\/hl=pt\\\/#\\\/schema\\\/logo\\\/image\\\/\"}}]}<\/script>\n<!-- \/ Yoast SEO plugin. -->","yoast_head_json":{"title":"Rolamento de Rolos Cil\u00edndricos BC1-0314 - SKF - BH IMPORTS &amp; EXPORTS","robots":{"index":"index","follow":"follow","max-snippet":"max-snippet:-1","max-image-preview":"max-image-preview:large","max-video-preview":"max-video-preview:-1"},"canonical":"https:\/\/bhimportsexports.com\/hl=pt\/produto\/rolamento-de-rolos-cilindricos-bc1-0314-skf\/","og_locale":"pt_BR","og_type":"article","og_title":"Rolamento de Rolos Cil\u00edndricos BC1-0314 - SKF - BH IMPORTS &amp; EXPORTS","og_description":"A imagem pode ser diferente do produto. Consulte a especifica\u00e7\u00e3o t\u00e9cnica para obter detalhes. Rolamento de rolos cil\u00edndricos de uma carreira, modelo NJF. Os rolamentos de rolos cil\u00edndricos de uma carreira s\u00e3o projetados para suportar cargas radiais elevadas em conjunto com velocidades altas. Com dois flanges integrais no anel externo e um flange no anel [&hellip;]","og_url":"https:\/\/bhimportsexports.com\/hl=pt\/produto\/rolamento-de-rolos-cilindricos-bc1-0314-skf\/","og_site_name":"BH IMPORTS &amp; EXPORTS","og_image":[{"width":1000,"height":650,"url":"https:\/\/bhimportsexports.com\/wp-content\/uploads\/2025\/05\/rolamento_de_rolos_cilindricos_bc1_0314_skf_107058_1_ffadf1c444bae38bdfc8486a4d355cb0.webp","type":"image\/webp"}],"twitter_card":"summary_large_image","twitter_misc":{"Est. tempo de leitura":"2 minutos"},"schema":{"@context":"https:\/\/schema.org","@graph":[{"@type":"WebPage","@id":"https:\/\/bhimportsexports.com\/hl=pt\/produto\/rolamento-de-rolos-cilindricos-bc1-0314-skf\/","url":"https:\/\/bhimportsexports.com\/hl=pt\/produto\/rolamento-de-rolos-cilindricos-bc1-0314-skf\/","name":"Rolamento de Rolos Cil\u00edndricos BC1-0314 - SKF - BH IMPORTS &amp; EXPORTS","isPartOf":{"@id":"https:\/\/bhimportsexports.com\/hl=pt\/#website"},"primaryImageOfPage":{"@id":"https:\/\/bhimportsexports.com\/hl=pt\/produto\/rolamento-de-rolos-cilindricos-bc1-0314-skf\/#primaryimage"},"image":{"@id":"https:\/\/bhimportsexports.com\/hl=pt\/produto\/rolamento-de-rolos-cilindricos-bc1-0314-skf\/#primaryimage"},"thumbnailUrl":"https:\/\/bhimportsexports.com\/wp-content\/uploads\/2025\/05\/rolamento_de_rolos_cilindricos_bc1_0314_skf_107058_1_ffadf1c444bae38bdfc8486a4d355cb0.webp","datePublished":"2025-05-01T14:54:01+00:00","breadcrumb":{"@id":"https:\/\/bhimportsexports.com\/hl=pt\/produto\/rolamento-de-rolos-cilindricos-bc1-0314-skf\/#breadcrumb"},"inLanguage":"pt-BR","potentialAction":[{"@type":"ReadAction","target":["https:\/\/bhimportsexports.com\/hl=pt\/produto\/rolamento-de-rolos-cilindricos-bc1-0314-skf\/"]}]},{"@type":"ImageObject","inLanguage":"pt-BR","@id":"https:\/\/bhimportsexports.com\/hl=pt\/produto\/rolamento-de-rolos-cilindricos-bc1-0314-skf\/#primaryimage","url":"https:\/\/bhimportsexports.com\/wp-content\/uploads\/2025\/05\/rolamento_de_rolos_cilindricos_bc1_0314_skf_107058_1_ffadf1c444bae38bdfc8486a4d355cb0.webp","contentUrl":"https:\/\/bhimportsexports.com\/wp-content\/uploads\/2025\/05\/rolamento_de_rolos_cilindricos_bc1_0314_skf_107058_1_ffadf1c444bae38bdfc8486a4d355cb0.webp","width":1000,"height":650},{"@type":"BreadcrumbList","@id":"https:\/\/bhimportsexports.com\/hl=pt\/produto\/rolamento-de-rolos-cilindricos-bc1-0314-skf\/#breadcrumb","itemListElement":[{"@type":"ListItem","position":1,"name":"In\u00edcio","item":"https:\/\/bhimportsexports.com\/hl=pt\/"},{"@type":"ListItem","position":2,"name":"Loja","item":"https:\/\/bhimportsexports.com\/hl=pt\/loja\/"},{"@type":"ListItem","position":3,"name":"Rolamento de Rolos Cil\u00edndricos BC1-0314 &#8211; SKF"}]},{"@type":"WebSite","@id":"https:\/\/bhimportsexports.com\/hl=pt\/#website","url":"https:\/\/bhimportsexports.com\/hl=pt\/","name":"BH IMPORTS & EXPORTS","description":"Innovation and excellence in international trade. Import, export, consultancy and sourcing.","publisher":{"@id":"https:\/\/bhimportsexports.com\/hl=pt\/#organization"},"potentialAction":[{"@type":"SearchAction","target":{"@type":"EntryPoint","urlTemplate":"https:\/\/bhimportsexports.com\/hl=pt\/?s={search_term_string}"},"query-input":{"@type":"PropertyValueSpecification","valueRequired":true,"valueName":"search_term_string"}}],"inLanguage":"pt-BR"},{"@type":"Organization","@id":"https:\/\/bhimportsexports.com\/hl=pt\/#organization","name":"BH IMPORTS & EXPORTS","url":"https:\/\/bhimportsexports.com\/hl=pt\/","logo":{"@type":"ImageObject","inLanguage":"pt-BR","@id":"https:\/\/bhimportsexports.com\/hl=pt\/#\/schema\/logo\/image\/","url":"https:\/\/bhimportsexports.com\/wp-content\/uploads\/2024\/09\/BH-IMPORTS.png","contentUrl":"https:\/\/bhimportsexports.com\/wp-content\/uploads\/2024\/09\/BH-IMPORTS.png","width":300,"height":200,"caption":"BH IMPORTS & EXPORTS"},"image":{"@id":"https:\/\/bhimportsexports.com\/hl=pt\/#\/schema\/logo\/image\/"}}]}},"_links":{"self":[{"href":"https:\/\/bhimportsexports.com\/hl=pt\/wp-json\/wp\/v2\/product\/3940","targetHints":{"allow":["GET"]}}],"collection":[{"href":"https:\/\/bhimportsexports.com\/hl=pt\/wp-json\/wp\/v2\/product"}],"about":[{"href":"https:\/\/bhimportsexports.com\/hl=pt\/wp-json\/wp\/v2\/types\/product"}],"replies":[{"embeddable":true,"href":"https:\/\/bhimportsexports.com\/hl=pt\/wp-json\/wp\/v2\/comments?post=3940"}],"wp:featuredmedia":[{"embeddable":true,"href":"https:\/\/bhimportsexports.com\/hl=pt\/wp-json\/wp\/v2\/media\/3941"}],"wp:attachment":[{"href":"https:\/\/bhimportsexports.com\/hl=pt\/wp-json\/wp\/v2\/media?parent=3940"}],"wp:term":[{"taxonomy":"product_brand","embeddable":true,"href":"https:\/\/bhimportsexports.com\/hl=pt\/wp-json\/wp\/v2\/product_brand?post=3940"},{"taxonomy":"product_cat","embeddable":true,"href":"https:\/\/bhimportsexports.com\/hl=pt\/wp-json\/wp\/v2\/product_cat?post=3940"},{"taxonomy":"product_tag","embeddable":true,"href":"https:\/\/bhimportsexports.com\/hl=pt\/wp-json\/wp\/v2\/product_tag?post=3940"}],"curies":[{"name":"wp","href":"https:\/\/api.w.org\/{rel}","templated":true}]}}