{"id":3887,"date":"2025-02-26T13:07:49","date_gmt":"2025-02-26T13:07:49","guid":{"rendered":"https:\/\/bhimportsexports.com\/hl=pt\/?post_type=product&#038;p=3887"},"modified":"2025-02-26T13:07:49","modified_gmt":"2025-02-26T13:07:49","slug":"xne-8di-24vdc-p-140035-y7-140035-eaton-electric-placa-de-entrada-digital-xi-on-eco-24-v-dc-8di","status":"publish","type":"product","link":"https:\/\/bhimportsexports.com\/hl=pt\/produto\/xne-8di-24vdc-p-140035-y7-140035-eaton-electric-placa-de-entrada-digital-xi-on-eco-24-v-dc-8di\/","title":{"rendered":"XNE-8DI-24VDC-P 140035 Y7-140035 EATON ELECTRIC Placa de entrada digital XI\/ON ECO, 24 V DC, 8DI"},"content":{"rendered":"<p>Especifica\u00e7\u00f5es gerais Nome do produto Eaton XNE Placa de entrada de acess\u00f3rios N\u00ba da pe\u00e7a XNE-8DI-24VDC-P EAN 7640130120556 Comprimento\/profundidade do produto 129,5 mil\u00edmetros Altura do produto 74,5 mil\u00edmetros Largura do produto 13 mil\u00edmetros Peso do produto 0,055 quilograma Certifica\u00e7\u00f5es Certificado pela UL para uso no Canad\u00e1 CULus IEC\/EN 6113-2 N\u00famero do arquivo UL: E205091 Dados nominais para termina\u00e7\u00f5es de acordo com IEC\/EN 60947-7-1 O relat\u00f3rio UL se aplica aos EUA e Canad\u00e1 Reconhecido pela UL IEC\/EN 61000-6-4 UL 508 CSA-C22.2 No. 142 CE IEC\/EN 61131-2 IEC\/EN 61000-6-2 Categoria UL N\u00famero de controle: NRAQ, NRAQ7 N\u00famero de classe CSA: 2252-01, 2252-81 Produto Nome comercial XNE Tipo de produto Acess\u00f3rio Subtipo de produto Placa de entrada Notas do cat\u00e1logo M\u00f3dulos base sem conex\u00e3o C j\u00e1 integrados Caracter\u00edsticas e fun\u00e7\u00f5es Tipo de conex\u00e3o el\u00e9trica Conex\u00e3o plug-in Caracter\u00edsticas Conex\u00e3o fieldbus por acoplador de barramento separado poss\u00edvel Fun\u00e7\u00f5es Comuta\u00e7\u00e3o positiva Informa\u00e7\u00f5es gerais Consumo de corrente 15 mA, do barramento do m\u00f3dulo, M\u00f3dulos de entrada anal\u00f3gica 1,5 mA, do terminal de alimenta\u00e7\u00e3o Grau de prote\u00e7\u00e3o IP20 M\u00e9todo de montagem Montagem em trilho poss\u00edvel N\u00famero de canais 8 Categoria de produto M\u00f3dulo slice XNE Tipo M\u00f3dulo de E\/S Tipo de tens\u00e3o CC Condi\u00e7\u00f5es ambientais, mec\u00e2nicas Queda e tombamento De acordo com IEC 60068-2-31, queda livre de acordo com IEC 60068-2-32 Resist\u00eancia ao choque Mec\u00e2nico, de acordo com IEC\/EN 60068-2-27 Cont\u00ednuo de acordo com IEC\/EN 60068-2-29 Resist\u00eancia \u00e0 vibra\u00e7\u00e3o De acordo com IEC\/EN 60068-2-6 Condi\u00e7\u00f5es ambientais clim\u00e1ticas Temperatura ambiente de opera\u00e7\u00e3o \u2013 m\u00edn. 0 \u00b0C Temperatura ambiente de opera\u00e7\u00e3o \u2013 m\u00e1x. 55 \u00b0C Temperatura ambiente de armazenamento \u2013 m\u00edn. -25 \u00b0C Temperatura ambiente de armazenamento \u2013 m\u00e1x. 85 \u00b0C Condi\u00e7\u00f5es ambientais Gases nocivos \u2013 SO2: 10 ppm (humidade relativa &lt; 75%, sem condensa\u00e7\u00e3o) Gases nocivos \u2013 H2S: 1 ppm (humidade relativa &lt; 75%, sem condensa\u00e7\u00e3o) Humidade relativa 5 \u2013 95 % (interior, N\u00edvel RH-2, sem condensa\u00e7\u00e3o para armazenamento a 45 \u00b0C) Compatibilidade eletromagn\u00e9tica Descarga de ar Conforme EN 61100-4-2 Impulso de ruptura Conforme IEC\/EN 61000-4-4 Descarga de contacto Conforme EN 61100-4-2 Campos eletromagn\u00e9ticos Conforme IEC EN 61100-4-2 Interfer\u00eancia emitida 30 \u2013 230 MHz (irradiado, alta frequ\u00eancia, conforme EN 55016-2-3) 230 \u2013 1000 MHz (irradiado, alta frequ\u00eancia, conforme EN 55016-2-3) RFI irradiado IEC\/EN 61100-4-6 Classifica\u00e7\u00e3o de surtos Conforme IEC\/EN 61000-4-5 N\u00edvel 4 Quedas de tens\u00e3o Conforme EN 61131-2 (Flutua\u00e7\u00f5es de tens\u00e3o\/quedas de tens\u00e3o) Capacidades dos terminais Capacidade dos terminais 0,25 \u2013 1,5 mm\u00b2, s\u00f3lido, H07V-U 0,25 \u2013 1,5 mm\u00b2, com terminais sem colar de pl\u00e1stico conforme DIN 46228-1 (terminais crimpados hermeticamente fechados) 0,25 \u2013 1,5 mm\u00b2, flex\u00edvel sem terminais, H07V-K 0,25 \u2013 0,75 mm\u00b2, com terminais com colar de pl\u00e1stico conforme DIN 46228-1 (terminais crimpados hermeticamente fechados) Pino de medi\u00e7\u00e3o A1 (conforme IEC\/EN 60947-1) Comprimento de decapagem (principal cabo) 8 mm Classifica\u00e7\u00e3o el\u00e9trica Tens\u00e3o de isolamento nominal (Ui) 500 V Tens\u00e3o operacional nominal 24 V CC (terminal de alimenta\u00e7\u00e3o) Tens\u00e3o de alimenta\u00e7\u00e3o em CA, 50 Hz \u2013 m\u00edn. 0 V CA Tens\u00e3o de alimenta\u00e7\u00e3o em CA, 50 Hz \u2013 m\u00e1x. 0 V CA Tens\u00e3o de alimenta\u00e7\u00e3o em CC \u2013 m\u00edn. 18 V CC Tens\u00e3o de alimenta\u00e7\u00e3o em CC \u2013 m\u00e1x. 30 V CC Comunica\u00e7\u00e3o Tipo de conex\u00e3o Terminais de mola push-in, Projeto de conex\u00e3o na dire\u00e7\u00e3o TOP Protocolo Outros sistemas de barramento Entrada\/Sa\u00edda Corrente de entrada -1 \u2013 1,5 mA (entradas digitais, n\u00edvel baixo) 2 \u2013 5 mA (entradas digitais, n\u00edvel alto) Corrente de entrada no sinal 1 2 mA Atraso de entrada 100 \u00b5s (borda ascendente) 200 \u00b5s (borda descendente) Tens\u00e3o de entrada -5 \u2013 5 V (entradas digitais, n\u00edvel baixo) 11 \u2013 30 V (entradas digitais, n\u00edvel alto) 24 V CC (entradas digitais) N\u00famero de entradas (digital) 8 N\u00famero de sa\u00eddas (digital) 0 Corrente de sa\u00edda 0 A<\/p>\n","protected":false},"excerpt":{"rendered":"<p>Especifica\u00e7\u00f5es gerais Nome do produto Eaton XNE Placa de entrada de acess\u00f3rios N\u00ba da pe\u00e7a XNE-8DI-24VDC-P EAN 7640130120556 Comprimento\/profundidade do produto 129,5 mil\u00edmetros Altura do produto 74,5 mil\u00edmetros Largura do produto 13 mil\u00edmetros Peso do produto 0,055 quilograma Certifica\u00e7\u00f5es Certificado pela UL para uso no Canad\u00e1 CULus IEC\/EN 6113-2 N\u00famero do arquivo UL: E205091 Dados [&hellip;]<\/p>\n","protected":false},"featured_media":3888,"comment_status":"open","ping_status":"closed","template":"","meta":[],"product_brand":[],"product_cat":[1125],"product_tag":[],"class_list":{"0":"post-3887","1":"product","2":"type-product","3":"status-publish","4":"has-post-thumbnail","6":"product_cat-modulo","8":"first","9":"onbackorder","10":"shipping-taxable","11":"purchasable","12":"product-type-simple"},"yoast_head":"<!-- This site is optimized with the Yoast SEO plugin v27.4 - https:\/\/yoast.com\/product\/yoast-seo-wordpress\/ -->\n<title>XNE-8DI-24VDC-P 140035 Y7-140035 EATON ELECTRIC Placa de entrada digital XI\/ON ECO, 24 V DC, 8DI - BH IMPORTS &amp; EXPORTS<\/title>\n<meta name=\"robots\" content=\"index, follow, max-snippet:-1, max-image-preview:large, max-video-preview:-1\" \/>\n<link rel=\"canonical\" href=\"https:\/\/bhimportsexports.com\/hl=pt\/produto\/xne-8di-24vdc-p-140035-y7-140035-eaton-electric-placa-de-entrada-digital-xi-on-eco-24-v-dc-8di\/\" \/>\n<meta property=\"og:locale\" content=\"pt_BR\" \/>\n<meta property=\"og:type\" content=\"article\" \/>\n<meta property=\"og:title\" content=\"XNE-8DI-24VDC-P 140035 Y7-140035 EATON ELECTRIC Placa de entrada digital XI\/ON ECO, 24 V DC, 8DI - BH IMPORTS &amp; EXPORTS\" \/>\n<meta property=\"og:description\" content=\"Especifica\u00e7\u00f5es gerais Nome do produto Eaton XNE Placa de entrada de acess\u00f3rios N\u00ba da pe\u00e7a XNE-8DI-24VDC-P EAN 7640130120556 Comprimento\/profundidade do produto 129,5 mil\u00edmetros Altura do produto 74,5 mil\u00edmetros Largura do produto 13 mil\u00edmetros Peso do produto 0,055 quilograma Certifica\u00e7\u00f5es Certificado pela UL para uso no Canad\u00e1 CULus IEC\/EN 6113-2 N\u00famero do arquivo UL: E205091 Dados [&hellip;]\" \/>\n<meta property=\"og:url\" content=\"https:\/\/bhimportsexports.com\/hl=pt\/produto\/xne-8di-24vdc-p-140035-y7-140035-eaton-electric-placa-de-entrada-digital-xi-on-eco-24-v-dc-8di\/\" \/>\n<meta property=\"og:site_name\" content=\"BH IMPORTS &amp; EXPORTS\" \/>\n<meta property=\"og:image\" content=\"https:\/\/bhimportsexports.com\/wp-content\/uploads\/2025\/02\/2725PIC-150-300x300-1.jpeg\" \/>\n\t<meta property=\"og:image:width\" content=\"300\" \/>\n\t<meta property=\"og:image:height\" content=\"300\" \/>\n\t<meta property=\"og:image:type\" content=\"image\/jpeg\" \/>\n<meta name=\"twitter:card\" content=\"summary_large_image\" \/>\n<meta name=\"twitter:label1\" content=\"Est. tempo de leitura\" \/>\n\t<meta name=\"twitter:data1\" content=\"2 minutos\" \/>\n<script type=\"application\/ld+json\" class=\"yoast-schema-graph\">{\"@context\":\"https:\\\/\\\/schema.org\",\"@graph\":[{\"@type\":\"WebPage\",\"@id\":\"https:\\\/\\\/bhimportsexports.com\\\/hl=pt\\\/produto\\\/xne-8di-24vdc-p-140035-y7-140035-eaton-electric-placa-de-entrada-digital-xi-on-eco-24-v-dc-8di\\\/\",\"url\":\"https:\\\/\\\/bhimportsexports.com\\\/hl=pt\\\/produto\\\/xne-8di-24vdc-p-140035-y7-140035-eaton-electric-placa-de-entrada-digital-xi-on-eco-24-v-dc-8di\\\/\",\"name\":\"XNE-8DI-24VDC-P 140035 Y7-140035 EATON ELECTRIC Placa de entrada digital XI\\\/ON ECO, 24 V DC, 8DI - BH IMPORTS &amp; EXPORTS\",\"isPartOf\":{\"@id\":\"https:\\\/\\\/bhimportsexports.com\\\/hl=pt\\\/#website\"},\"primaryImageOfPage\":{\"@id\":\"https:\\\/\\\/bhimportsexports.com\\\/hl=pt\\\/produto\\\/xne-8di-24vdc-p-140035-y7-140035-eaton-electric-placa-de-entrada-digital-xi-on-eco-24-v-dc-8di\\\/#primaryimage\"},\"image\":{\"@id\":\"https:\\\/\\\/bhimportsexports.com\\\/hl=pt\\\/produto\\\/xne-8di-24vdc-p-140035-y7-140035-eaton-electric-placa-de-entrada-digital-xi-on-eco-24-v-dc-8di\\\/#primaryimage\"},\"thumbnailUrl\":\"https:\\\/\\\/bhimportsexports.com\\\/wp-content\\\/uploads\\\/2025\\\/02\\\/2725PIC-150-300x300-1.jpeg\",\"datePublished\":\"2025-02-26T13:07:49+00:00\",\"breadcrumb\":{\"@id\":\"https:\\\/\\\/bhimportsexports.com\\\/hl=pt\\\/produto\\\/xne-8di-24vdc-p-140035-y7-140035-eaton-electric-placa-de-entrada-digital-xi-on-eco-24-v-dc-8di\\\/#breadcrumb\"},\"inLanguage\":\"pt-BR\",\"potentialAction\":[{\"@type\":\"ReadAction\",\"target\":[\"https:\\\/\\\/bhimportsexports.com\\\/hl=pt\\\/produto\\\/xne-8di-24vdc-p-140035-y7-140035-eaton-electric-placa-de-entrada-digital-xi-on-eco-24-v-dc-8di\\\/\"]}]},{\"@type\":\"ImageObject\",\"inLanguage\":\"pt-BR\",\"@id\":\"https:\\\/\\\/bhimportsexports.com\\\/hl=pt\\\/produto\\\/xne-8di-24vdc-p-140035-y7-140035-eaton-electric-placa-de-entrada-digital-xi-on-eco-24-v-dc-8di\\\/#primaryimage\",\"url\":\"https:\\\/\\\/bhimportsexports.com\\\/wp-content\\\/uploads\\\/2025\\\/02\\\/2725PIC-150-300x300-1.jpeg\",\"contentUrl\":\"https:\\\/\\\/bhimportsexports.com\\\/wp-content\\\/uploads\\\/2025\\\/02\\\/2725PIC-150-300x300-1.jpeg\",\"width\":300,\"height\":300},{\"@type\":\"BreadcrumbList\",\"@id\":\"https:\\\/\\\/bhimportsexports.com\\\/hl=pt\\\/produto\\\/xne-8di-24vdc-p-140035-y7-140035-eaton-electric-placa-de-entrada-digital-xi-on-eco-24-v-dc-8di\\\/#breadcrumb\",\"itemListElement\":[{\"@type\":\"ListItem\",\"position\":1,\"name\":\"In\u00edcio\",\"item\":\"https:\\\/\\\/bhimportsexports.com\\\/hl=pt\\\/\"},{\"@type\":\"ListItem\",\"position\":2,\"name\":\"Loja\",\"item\":\"https:\\\/\\\/bhimportsexports.com\\\/hl=pt\\\/loja\\\/\"},{\"@type\":\"ListItem\",\"position\":3,\"name\":\"XNE-8DI-24VDC-P 140035 Y7-140035 EATON ELECTRIC Placa de entrada digital XI\\\/ON ECO, 24 V DC, 8DI\"}]},{\"@type\":\"WebSite\",\"@id\":\"https:\\\/\\\/bhimportsexports.com\\\/hl=pt\\\/#website\",\"url\":\"https:\\\/\\\/bhimportsexports.com\\\/hl=pt\\\/\",\"name\":\"BH IMPORTS & EXPORTS\",\"description\":\"Innovation and excellence in international trade. Import, export, consultancy and sourcing.\",\"publisher\":{\"@id\":\"https:\\\/\\\/bhimportsexports.com\\\/hl=pt\\\/#organization\"},\"potentialAction\":[{\"@type\":\"SearchAction\",\"target\":{\"@type\":\"EntryPoint\",\"urlTemplate\":\"https:\\\/\\\/bhimportsexports.com\\\/hl=pt\\\/?s={search_term_string}\"},\"query-input\":{\"@type\":\"PropertyValueSpecification\",\"valueRequired\":true,\"valueName\":\"search_term_string\"}}],\"inLanguage\":\"pt-BR\"},{\"@type\":\"Organization\",\"@id\":\"https:\\\/\\\/bhimportsexports.com\\\/hl=pt\\\/#organization\",\"name\":\"BH IMPORTS & EXPORTS\",\"url\":\"https:\\\/\\\/bhimportsexports.com\\\/hl=pt\\\/\",\"logo\":{\"@type\":\"ImageObject\",\"inLanguage\":\"pt-BR\",\"@id\":\"https:\\\/\\\/bhimportsexports.com\\\/hl=pt\\\/#\\\/schema\\\/logo\\\/image\\\/\",\"url\":\"https:\\\/\\\/bhimportsexports.com\\\/wp-content\\\/uploads\\\/2024\\\/09\\\/BH-IMPORTS.png\",\"contentUrl\":\"https:\\\/\\\/bhimportsexports.com\\\/wp-content\\\/uploads\\\/2024\\\/09\\\/BH-IMPORTS.png\",\"width\":300,\"height\":200,\"caption\":\"BH IMPORTS & EXPORTS\"},\"image\":{\"@id\":\"https:\\\/\\\/bhimportsexports.com\\\/hl=pt\\\/#\\\/schema\\\/logo\\\/image\\\/\"}}]}<\/script>\n<!-- \/ Yoast SEO plugin. -->","yoast_head_json":{"title":"XNE-8DI-24VDC-P 140035 Y7-140035 EATON ELECTRIC Placa de entrada digital XI\/ON ECO, 24 V DC, 8DI - BH IMPORTS &amp; EXPORTS","robots":{"index":"index","follow":"follow","max-snippet":"max-snippet:-1","max-image-preview":"max-image-preview:large","max-video-preview":"max-video-preview:-1"},"canonical":"https:\/\/bhimportsexports.com\/hl=pt\/produto\/xne-8di-24vdc-p-140035-y7-140035-eaton-electric-placa-de-entrada-digital-xi-on-eco-24-v-dc-8di\/","og_locale":"pt_BR","og_type":"article","og_title":"XNE-8DI-24VDC-P 140035 Y7-140035 EATON ELECTRIC Placa de entrada digital XI\/ON ECO, 24 V DC, 8DI - BH IMPORTS &amp; EXPORTS","og_description":"Especifica\u00e7\u00f5es gerais Nome do produto Eaton XNE Placa de entrada de acess\u00f3rios N\u00ba da pe\u00e7a XNE-8DI-24VDC-P EAN 7640130120556 Comprimento\/profundidade do produto 129,5 mil\u00edmetros Altura do produto 74,5 mil\u00edmetros Largura do produto 13 mil\u00edmetros Peso do produto 0,055 quilograma Certifica\u00e7\u00f5es Certificado pela UL para uso no Canad\u00e1 CULus IEC\/EN 6113-2 N\u00famero do arquivo UL: E205091 Dados [&hellip;]","og_url":"https:\/\/bhimportsexports.com\/hl=pt\/produto\/xne-8di-24vdc-p-140035-y7-140035-eaton-electric-placa-de-entrada-digital-xi-on-eco-24-v-dc-8di\/","og_site_name":"BH IMPORTS &amp; EXPORTS","og_image":[{"width":300,"height":300,"url":"https:\/\/bhimportsexports.com\/wp-content\/uploads\/2025\/02\/2725PIC-150-300x300-1.jpeg","type":"image\/jpeg"}],"twitter_card":"summary_large_image","twitter_misc":{"Est. tempo de leitura":"2 minutos"},"schema":{"@context":"https:\/\/schema.org","@graph":[{"@type":"WebPage","@id":"https:\/\/bhimportsexports.com\/hl=pt\/produto\/xne-8di-24vdc-p-140035-y7-140035-eaton-electric-placa-de-entrada-digital-xi-on-eco-24-v-dc-8di\/","url":"https:\/\/bhimportsexports.com\/hl=pt\/produto\/xne-8di-24vdc-p-140035-y7-140035-eaton-electric-placa-de-entrada-digital-xi-on-eco-24-v-dc-8di\/","name":"XNE-8DI-24VDC-P 140035 Y7-140035 EATON ELECTRIC Placa de entrada digital XI\/ON ECO, 24 V DC, 8DI - BH IMPORTS &amp; EXPORTS","isPartOf":{"@id":"https:\/\/bhimportsexports.com\/hl=pt\/#website"},"primaryImageOfPage":{"@id":"https:\/\/bhimportsexports.com\/hl=pt\/produto\/xne-8di-24vdc-p-140035-y7-140035-eaton-electric-placa-de-entrada-digital-xi-on-eco-24-v-dc-8di\/#primaryimage"},"image":{"@id":"https:\/\/bhimportsexports.com\/hl=pt\/produto\/xne-8di-24vdc-p-140035-y7-140035-eaton-electric-placa-de-entrada-digital-xi-on-eco-24-v-dc-8di\/#primaryimage"},"thumbnailUrl":"https:\/\/bhimportsexports.com\/wp-content\/uploads\/2025\/02\/2725PIC-150-300x300-1.jpeg","datePublished":"2025-02-26T13:07:49+00:00","breadcrumb":{"@id":"https:\/\/bhimportsexports.com\/hl=pt\/produto\/xne-8di-24vdc-p-140035-y7-140035-eaton-electric-placa-de-entrada-digital-xi-on-eco-24-v-dc-8di\/#breadcrumb"},"inLanguage":"pt-BR","potentialAction":[{"@type":"ReadAction","target":["https:\/\/bhimportsexports.com\/hl=pt\/produto\/xne-8di-24vdc-p-140035-y7-140035-eaton-electric-placa-de-entrada-digital-xi-on-eco-24-v-dc-8di\/"]}]},{"@type":"ImageObject","inLanguage":"pt-BR","@id":"https:\/\/bhimportsexports.com\/hl=pt\/produto\/xne-8di-24vdc-p-140035-y7-140035-eaton-electric-placa-de-entrada-digital-xi-on-eco-24-v-dc-8di\/#primaryimage","url":"https:\/\/bhimportsexports.com\/wp-content\/uploads\/2025\/02\/2725PIC-150-300x300-1.jpeg","contentUrl":"https:\/\/bhimportsexports.com\/wp-content\/uploads\/2025\/02\/2725PIC-150-300x300-1.jpeg","width":300,"height":300},{"@type":"BreadcrumbList","@id":"https:\/\/bhimportsexports.com\/hl=pt\/produto\/xne-8di-24vdc-p-140035-y7-140035-eaton-electric-placa-de-entrada-digital-xi-on-eco-24-v-dc-8di\/#breadcrumb","itemListElement":[{"@type":"ListItem","position":1,"name":"In\u00edcio","item":"https:\/\/bhimportsexports.com\/hl=pt\/"},{"@type":"ListItem","position":2,"name":"Loja","item":"https:\/\/bhimportsexports.com\/hl=pt\/loja\/"},{"@type":"ListItem","position":3,"name":"XNE-8DI-24VDC-P 140035 Y7-140035 EATON ELECTRIC Placa de entrada digital XI\/ON ECO, 24 V DC, 8DI"}]},{"@type":"WebSite","@id":"https:\/\/bhimportsexports.com\/hl=pt\/#website","url":"https:\/\/bhimportsexports.com\/hl=pt\/","name":"BH IMPORTS & EXPORTS","description":"Innovation and excellence in international trade. Import, export, consultancy and sourcing.","publisher":{"@id":"https:\/\/bhimportsexports.com\/hl=pt\/#organization"},"potentialAction":[{"@type":"SearchAction","target":{"@type":"EntryPoint","urlTemplate":"https:\/\/bhimportsexports.com\/hl=pt\/?s={search_term_string}"},"query-input":{"@type":"PropertyValueSpecification","valueRequired":true,"valueName":"search_term_string"}}],"inLanguage":"pt-BR"},{"@type":"Organization","@id":"https:\/\/bhimportsexports.com\/hl=pt\/#organization","name":"BH IMPORTS & EXPORTS","url":"https:\/\/bhimportsexports.com\/hl=pt\/","logo":{"@type":"ImageObject","inLanguage":"pt-BR","@id":"https:\/\/bhimportsexports.com\/hl=pt\/#\/schema\/logo\/image\/","url":"https:\/\/bhimportsexports.com\/wp-content\/uploads\/2024\/09\/BH-IMPORTS.png","contentUrl":"https:\/\/bhimportsexports.com\/wp-content\/uploads\/2024\/09\/BH-IMPORTS.png","width":300,"height":200,"caption":"BH IMPORTS & EXPORTS"},"image":{"@id":"https:\/\/bhimportsexports.com\/hl=pt\/#\/schema\/logo\/image\/"}}]}},"_links":{"self":[{"href":"https:\/\/bhimportsexports.com\/hl=pt\/wp-json\/wp\/v2\/product\/3887","targetHints":{"allow":["GET"]}}],"collection":[{"href":"https:\/\/bhimportsexports.com\/hl=pt\/wp-json\/wp\/v2\/product"}],"about":[{"href":"https:\/\/bhimportsexports.com\/hl=pt\/wp-json\/wp\/v2\/types\/product"}],"replies":[{"embeddable":true,"href":"https:\/\/bhimportsexports.com\/hl=pt\/wp-json\/wp\/v2\/comments?post=3887"}],"wp:featuredmedia":[{"embeddable":true,"href":"https:\/\/bhimportsexports.com\/hl=pt\/wp-json\/wp\/v2\/media\/3888"}],"wp:attachment":[{"href":"https:\/\/bhimportsexports.com\/hl=pt\/wp-json\/wp\/v2\/media?parent=3887"}],"wp:term":[{"taxonomy":"product_brand","embeddable":true,"href":"https:\/\/bhimportsexports.com\/hl=pt\/wp-json\/wp\/v2\/product_brand?post=3887"},{"taxonomy":"product_cat","embeddable":true,"href":"https:\/\/bhimportsexports.com\/hl=pt\/wp-json\/wp\/v2\/product_cat?post=3887"},{"taxonomy":"product_tag","embeddable":true,"href":"https:\/\/bhimportsexports.com\/hl=pt\/wp-json\/wp\/v2\/product_tag?post=3887"}],"curies":[{"name":"wp","href":"https:\/\/api.w.org\/{rel}","templated":true}]}}