{"id":3848,"date":"2025-01-28T19:04:05","date_gmt":"2025-01-28T19:04:05","guid":{"rendered":"https:\/\/bhimportsexports.com\/hl=pt\/?post_type=product&#038;p=3848"},"modified":"2025-01-28T19:04:05","modified_gmt":"2025-01-28T19:04:05","slug":"inversor-de-frequencia-3-0-hp-2-2kw-380v-vfd022el43-w-delta","status":"publish","type":"product","link":"https:\/\/bhimportsexports.com\/hl=pt\/produto\/inversor-de-frequencia-3-0-hp-2-2kw-380v-vfd022el43-w-delta\/","title":{"rendered":"Inversor de frequ\u00eancia 3.0 HP 2.2kw 380v VFD022EL43 W DELTA"},"content":{"rendered":"<p>Inversor de frequ\u00eancia Delta VFD-EL-W Series A s\u00e9rie VFD-EL-W da Delta \u00e9 um inversor de controle vetorial compacto de nova gera\u00e7\u00e3o com v\u00e1rias fun\u00e7\u00f5es essenciais integradas como padr\u00e3o, incluindo: opera\u00e7\u00e3o multietapas; compensa\u00e7\u00e3o de torque; controle PID; controle de m\u00faltiplas bombas; fornecimento de \u00e1gua com press\u00e3o constante; fun\u00e7\u00e3o de detec\u00e7\u00e3o de vazamento, entre outras fun\u00e7\u00f5es. Especifica\u00e7\u00f5es Corrente de entrada: 7,1 A Tens\u00e3o de entrada: 380 a 480 Vac 50\/60 Hz trif\u00e1sico (toler\u00e2ncia +-10%) Corrente de sa\u00edda: 5,5 A Tens\u00e3o de sa\u00edda: Trif\u00e1sico proporcional \u00e0 entrada Pot\u00eancia m\u00e1xima de sa\u00edda: 2,2 kW (3,0 HP) Frequ\u00eancia de sa\u00edda: 0,1 a 400 Hz Opera\u00e7\u00e3o multivelocidade e modo de controle: painel digital, terminal externo e comunica\u00e7\u00e3o Modbus. Controle PID. Suporta um inversor com dois motores em paralelo e fun\u00e7\u00e3o de detec\u00e7\u00e3o de limite de tempo. Alta capacidade de sobrecarga, 150% da corrente nominal por 1 min.<\/p>\n","protected":false},"excerpt":{"rendered":"<p>Inversor de frequ\u00eancia Delta VFD-EL-W Series A s\u00e9rie VFD-EL-W da Delta \u00e9 um inversor de controle vetorial compacto de nova gera\u00e7\u00e3o com v\u00e1rias fun\u00e7\u00f5es essenciais integradas como padr\u00e3o, incluindo: opera\u00e7\u00e3o multietapas; compensa\u00e7\u00e3o de torque; controle PID; controle de m\u00faltiplas bombas; fornecimento de \u00e1gua com press\u00e3o constante; fun\u00e7\u00e3o de detec\u00e7\u00e3o de vazamento, entre outras fun\u00e7\u00f5es. Especifica\u00e7\u00f5es [&hellip;]<\/p>\n","protected":false},"featured_media":3849,"comment_status":"open","ping_status":"closed","template":"","meta":[],"product_brand":[],"product_cat":[1143],"product_tag":[],"class_list":{"0":"post-3848","1":"product","2":"type-product","3":"status-publish","4":"has-post-thumbnail","6":"product_cat-conversor-de-frequencia","8":"first","9":"onbackorder","10":"shipping-taxable","11":"purchasable","12":"product-type-simple"},"yoast_head":"<!-- This site is optimized with the Yoast SEO plugin v27.4 - https:\/\/yoast.com\/product\/yoast-seo-wordpress\/ -->\n<title>Inversor de frequ\u00eancia 3.0 HP 2.2kw 380v VFD022EL43 W DELTA - BH IMPORTS &amp; EXPORTS<\/title>\n<meta name=\"robots\" content=\"index, follow, max-snippet:-1, max-image-preview:large, max-video-preview:-1\" \/>\n<link rel=\"canonical\" href=\"https:\/\/bhimportsexports.com\/hl=pt\/produto\/inversor-de-frequencia-3-0-hp-2-2kw-380v-vfd022el43-w-delta\/\" \/>\n<meta property=\"og:locale\" content=\"pt_BR\" \/>\n<meta property=\"og:type\" content=\"article\" \/>\n<meta property=\"og:title\" content=\"Inversor de frequ\u00eancia 3.0 HP 2.2kw 380v VFD022EL43 W DELTA - BH IMPORTS &amp; EXPORTS\" \/>\n<meta property=\"og:description\" content=\"Inversor de frequ\u00eancia Delta VFD-EL-W Series A s\u00e9rie VFD-EL-W da Delta \u00e9 um inversor de controle vetorial compacto de nova gera\u00e7\u00e3o com v\u00e1rias fun\u00e7\u00f5es essenciais integradas como padr\u00e3o, incluindo: opera\u00e7\u00e3o multietapas; compensa\u00e7\u00e3o de torque; controle PID; controle de m\u00faltiplas bombas; fornecimento de \u00e1gua com press\u00e3o constante; fun\u00e7\u00e3o de detec\u00e7\u00e3o de vazamento, entre outras fun\u00e7\u00f5es. Especifica\u00e7\u00f5es [&hellip;]\" \/>\n<meta property=\"og:url\" content=\"https:\/\/bhimportsexports.com\/hl=pt\/produto\/inversor-de-frequencia-3-0-hp-2-2kw-380v-vfd022el43-w-delta\/\" \/>\n<meta property=\"og:site_name\" content=\"BH IMPORTS &amp; EXPORTS\" \/>\n<meta property=\"og:image\" content=\"https:\/\/bhimportsexports.com\/wp-content\/uploads\/2025\/01\/D_NQ_NP_918198-MLB54427880699_032023-O-270x300-1.webp\" \/>\n\t<meta property=\"og:image:width\" content=\"270\" \/>\n\t<meta property=\"og:image:height\" content=\"300\" \/>\n\t<meta property=\"og:image:type\" content=\"image\/webp\" \/>\n<meta name=\"twitter:card\" content=\"summary_large_image\" \/>\n<meta name=\"twitter:label1\" content=\"Est. tempo de leitura\" \/>\n\t<meta name=\"twitter:data1\" content=\"1 minuto\" \/>\n<script type=\"application\/ld+json\" class=\"yoast-schema-graph\">{\"@context\":\"https:\\\/\\\/schema.org\",\"@graph\":[{\"@type\":\"WebPage\",\"@id\":\"https:\\\/\\\/bhimportsexports.com\\\/hl=pt\\\/produto\\\/inversor-de-frequencia-3-0-hp-2-2kw-380v-vfd022el43-w-delta\\\/\",\"url\":\"https:\\\/\\\/bhimportsexports.com\\\/hl=pt\\\/produto\\\/inversor-de-frequencia-3-0-hp-2-2kw-380v-vfd022el43-w-delta\\\/\",\"name\":\"Inversor de frequ\u00eancia 3.0 HP 2.2kw 380v VFD022EL43 W DELTA - BH IMPORTS &amp; EXPORTS\",\"isPartOf\":{\"@id\":\"https:\\\/\\\/bhimportsexports.com\\\/hl=pt\\\/#website\"},\"primaryImageOfPage\":{\"@id\":\"https:\\\/\\\/bhimportsexports.com\\\/hl=pt\\\/produto\\\/inversor-de-frequencia-3-0-hp-2-2kw-380v-vfd022el43-w-delta\\\/#primaryimage\"},\"image\":{\"@id\":\"https:\\\/\\\/bhimportsexports.com\\\/hl=pt\\\/produto\\\/inversor-de-frequencia-3-0-hp-2-2kw-380v-vfd022el43-w-delta\\\/#primaryimage\"},\"thumbnailUrl\":\"https:\\\/\\\/bhimportsexports.com\\\/wp-content\\\/uploads\\\/2025\\\/01\\\/D_NQ_NP_918198-MLB54427880699_032023-O-270x300-1.webp\",\"datePublished\":\"2025-01-28T19:04:05+00:00\",\"breadcrumb\":{\"@id\":\"https:\\\/\\\/bhimportsexports.com\\\/hl=pt\\\/produto\\\/inversor-de-frequencia-3-0-hp-2-2kw-380v-vfd022el43-w-delta\\\/#breadcrumb\"},\"inLanguage\":\"pt-BR\",\"potentialAction\":[{\"@type\":\"ReadAction\",\"target\":[\"https:\\\/\\\/bhimportsexports.com\\\/hl=pt\\\/produto\\\/inversor-de-frequencia-3-0-hp-2-2kw-380v-vfd022el43-w-delta\\\/\"]}]},{\"@type\":\"ImageObject\",\"inLanguage\":\"pt-BR\",\"@id\":\"https:\\\/\\\/bhimportsexports.com\\\/hl=pt\\\/produto\\\/inversor-de-frequencia-3-0-hp-2-2kw-380v-vfd022el43-w-delta\\\/#primaryimage\",\"url\":\"https:\\\/\\\/bhimportsexports.com\\\/wp-content\\\/uploads\\\/2025\\\/01\\\/D_NQ_NP_918198-MLB54427880699_032023-O-270x300-1.webp\",\"contentUrl\":\"https:\\\/\\\/bhimportsexports.com\\\/wp-content\\\/uploads\\\/2025\\\/01\\\/D_NQ_NP_918198-MLB54427880699_032023-O-270x300-1.webp\",\"width\":270,\"height\":300},{\"@type\":\"BreadcrumbList\",\"@id\":\"https:\\\/\\\/bhimportsexports.com\\\/hl=pt\\\/produto\\\/inversor-de-frequencia-3-0-hp-2-2kw-380v-vfd022el43-w-delta\\\/#breadcrumb\",\"itemListElement\":[{\"@type\":\"ListItem\",\"position\":1,\"name\":\"In\u00edcio\",\"item\":\"https:\\\/\\\/bhimportsexports.com\\\/hl=pt\\\/\"},{\"@type\":\"ListItem\",\"position\":2,\"name\":\"Loja\",\"item\":\"https:\\\/\\\/bhimportsexports.com\\\/hl=pt\\\/loja\\\/\"},{\"@type\":\"ListItem\",\"position\":3,\"name\":\"Inversor de frequ\u00eancia 3.0 HP 2.2kw 380v VFD022EL43 W DELTA\"}]},{\"@type\":\"WebSite\",\"@id\":\"https:\\\/\\\/bhimportsexports.com\\\/hl=pt\\\/#website\",\"url\":\"https:\\\/\\\/bhimportsexports.com\\\/hl=pt\\\/\",\"name\":\"BH IMPORTS & EXPORTS\",\"description\":\"Innovation and excellence in international trade. Import, export, consultancy and sourcing.\",\"publisher\":{\"@id\":\"https:\\\/\\\/bhimportsexports.com\\\/hl=pt\\\/#organization\"},\"potentialAction\":[{\"@type\":\"SearchAction\",\"target\":{\"@type\":\"EntryPoint\",\"urlTemplate\":\"https:\\\/\\\/bhimportsexports.com\\\/hl=pt\\\/?s={search_term_string}\"},\"query-input\":{\"@type\":\"PropertyValueSpecification\",\"valueRequired\":true,\"valueName\":\"search_term_string\"}}],\"inLanguage\":\"pt-BR\"},{\"@type\":\"Organization\",\"@id\":\"https:\\\/\\\/bhimportsexports.com\\\/hl=pt\\\/#organization\",\"name\":\"BH IMPORTS & EXPORTS\",\"url\":\"https:\\\/\\\/bhimportsexports.com\\\/hl=pt\\\/\",\"logo\":{\"@type\":\"ImageObject\",\"inLanguage\":\"pt-BR\",\"@id\":\"https:\\\/\\\/bhimportsexports.com\\\/hl=pt\\\/#\\\/schema\\\/logo\\\/image\\\/\",\"url\":\"https:\\\/\\\/bhimportsexports.com\\\/wp-content\\\/uploads\\\/2024\\\/09\\\/BH-IMPORTS.png\",\"contentUrl\":\"https:\\\/\\\/bhimportsexports.com\\\/wp-content\\\/uploads\\\/2024\\\/09\\\/BH-IMPORTS.png\",\"width\":300,\"height\":200,\"caption\":\"BH IMPORTS & EXPORTS\"},\"image\":{\"@id\":\"https:\\\/\\\/bhimportsexports.com\\\/hl=pt\\\/#\\\/schema\\\/logo\\\/image\\\/\"}}]}<\/script>\n<!-- \/ Yoast SEO plugin. -->","yoast_head_json":{"title":"Inversor de frequ\u00eancia 3.0 HP 2.2kw 380v VFD022EL43 W DELTA - BH IMPORTS &amp; EXPORTS","robots":{"index":"index","follow":"follow","max-snippet":"max-snippet:-1","max-image-preview":"max-image-preview:large","max-video-preview":"max-video-preview:-1"},"canonical":"https:\/\/bhimportsexports.com\/hl=pt\/produto\/inversor-de-frequencia-3-0-hp-2-2kw-380v-vfd022el43-w-delta\/","og_locale":"pt_BR","og_type":"article","og_title":"Inversor de frequ\u00eancia 3.0 HP 2.2kw 380v VFD022EL43 W DELTA - BH IMPORTS &amp; EXPORTS","og_description":"Inversor de frequ\u00eancia Delta VFD-EL-W Series A s\u00e9rie VFD-EL-W da Delta \u00e9 um inversor de controle vetorial compacto de nova gera\u00e7\u00e3o com v\u00e1rias fun\u00e7\u00f5es essenciais integradas como padr\u00e3o, incluindo: opera\u00e7\u00e3o multietapas; compensa\u00e7\u00e3o de torque; controle PID; controle de m\u00faltiplas bombas; fornecimento de \u00e1gua com press\u00e3o constante; fun\u00e7\u00e3o de detec\u00e7\u00e3o de vazamento, entre outras fun\u00e7\u00f5es. Especifica\u00e7\u00f5es [&hellip;]","og_url":"https:\/\/bhimportsexports.com\/hl=pt\/produto\/inversor-de-frequencia-3-0-hp-2-2kw-380v-vfd022el43-w-delta\/","og_site_name":"BH IMPORTS &amp; EXPORTS","og_image":[{"width":270,"height":300,"url":"https:\/\/bhimportsexports.com\/wp-content\/uploads\/2025\/01\/D_NQ_NP_918198-MLB54427880699_032023-O-270x300-1.webp","type":"image\/webp"}],"twitter_card":"summary_large_image","twitter_misc":{"Est. tempo de leitura":"1 minuto"},"schema":{"@context":"https:\/\/schema.org","@graph":[{"@type":"WebPage","@id":"https:\/\/bhimportsexports.com\/hl=pt\/produto\/inversor-de-frequencia-3-0-hp-2-2kw-380v-vfd022el43-w-delta\/","url":"https:\/\/bhimportsexports.com\/hl=pt\/produto\/inversor-de-frequencia-3-0-hp-2-2kw-380v-vfd022el43-w-delta\/","name":"Inversor de frequ\u00eancia 3.0 HP 2.2kw 380v VFD022EL43 W DELTA - BH IMPORTS &amp; EXPORTS","isPartOf":{"@id":"https:\/\/bhimportsexports.com\/hl=pt\/#website"},"primaryImageOfPage":{"@id":"https:\/\/bhimportsexports.com\/hl=pt\/produto\/inversor-de-frequencia-3-0-hp-2-2kw-380v-vfd022el43-w-delta\/#primaryimage"},"image":{"@id":"https:\/\/bhimportsexports.com\/hl=pt\/produto\/inversor-de-frequencia-3-0-hp-2-2kw-380v-vfd022el43-w-delta\/#primaryimage"},"thumbnailUrl":"https:\/\/bhimportsexports.com\/wp-content\/uploads\/2025\/01\/D_NQ_NP_918198-MLB54427880699_032023-O-270x300-1.webp","datePublished":"2025-01-28T19:04:05+00:00","breadcrumb":{"@id":"https:\/\/bhimportsexports.com\/hl=pt\/produto\/inversor-de-frequencia-3-0-hp-2-2kw-380v-vfd022el43-w-delta\/#breadcrumb"},"inLanguage":"pt-BR","potentialAction":[{"@type":"ReadAction","target":["https:\/\/bhimportsexports.com\/hl=pt\/produto\/inversor-de-frequencia-3-0-hp-2-2kw-380v-vfd022el43-w-delta\/"]}]},{"@type":"ImageObject","inLanguage":"pt-BR","@id":"https:\/\/bhimportsexports.com\/hl=pt\/produto\/inversor-de-frequencia-3-0-hp-2-2kw-380v-vfd022el43-w-delta\/#primaryimage","url":"https:\/\/bhimportsexports.com\/wp-content\/uploads\/2025\/01\/D_NQ_NP_918198-MLB54427880699_032023-O-270x300-1.webp","contentUrl":"https:\/\/bhimportsexports.com\/wp-content\/uploads\/2025\/01\/D_NQ_NP_918198-MLB54427880699_032023-O-270x300-1.webp","width":270,"height":300},{"@type":"BreadcrumbList","@id":"https:\/\/bhimportsexports.com\/hl=pt\/produto\/inversor-de-frequencia-3-0-hp-2-2kw-380v-vfd022el43-w-delta\/#breadcrumb","itemListElement":[{"@type":"ListItem","position":1,"name":"In\u00edcio","item":"https:\/\/bhimportsexports.com\/hl=pt\/"},{"@type":"ListItem","position":2,"name":"Loja","item":"https:\/\/bhimportsexports.com\/hl=pt\/loja\/"},{"@type":"ListItem","position":3,"name":"Inversor de frequ\u00eancia 3.0 HP 2.2kw 380v VFD022EL43 W DELTA"}]},{"@type":"WebSite","@id":"https:\/\/bhimportsexports.com\/hl=pt\/#website","url":"https:\/\/bhimportsexports.com\/hl=pt\/","name":"BH IMPORTS & EXPORTS","description":"Innovation and excellence in international trade. Import, export, consultancy and sourcing.","publisher":{"@id":"https:\/\/bhimportsexports.com\/hl=pt\/#organization"},"potentialAction":[{"@type":"SearchAction","target":{"@type":"EntryPoint","urlTemplate":"https:\/\/bhimportsexports.com\/hl=pt\/?s={search_term_string}"},"query-input":{"@type":"PropertyValueSpecification","valueRequired":true,"valueName":"search_term_string"}}],"inLanguage":"pt-BR"},{"@type":"Organization","@id":"https:\/\/bhimportsexports.com\/hl=pt\/#organization","name":"BH IMPORTS & EXPORTS","url":"https:\/\/bhimportsexports.com\/hl=pt\/","logo":{"@type":"ImageObject","inLanguage":"pt-BR","@id":"https:\/\/bhimportsexports.com\/hl=pt\/#\/schema\/logo\/image\/","url":"https:\/\/bhimportsexports.com\/wp-content\/uploads\/2024\/09\/BH-IMPORTS.png","contentUrl":"https:\/\/bhimportsexports.com\/wp-content\/uploads\/2024\/09\/BH-IMPORTS.png","width":300,"height":200,"caption":"BH IMPORTS & EXPORTS"},"image":{"@id":"https:\/\/bhimportsexports.com\/hl=pt\/#\/schema\/logo\/image\/"}}]}},"_links":{"self":[{"href":"https:\/\/bhimportsexports.com\/hl=pt\/wp-json\/wp\/v2\/product\/3848","targetHints":{"allow":["GET"]}}],"collection":[{"href":"https:\/\/bhimportsexports.com\/hl=pt\/wp-json\/wp\/v2\/product"}],"about":[{"href":"https:\/\/bhimportsexports.com\/hl=pt\/wp-json\/wp\/v2\/types\/product"}],"replies":[{"embeddable":true,"href":"https:\/\/bhimportsexports.com\/hl=pt\/wp-json\/wp\/v2\/comments?post=3848"}],"wp:featuredmedia":[{"embeddable":true,"href":"https:\/\/bhimportsexports.com\/hl=pt\/wp-json\/wp\/v2\/media\/3849"}],"wp:attachment":[{"href":"https:\/\/bhimportsexports.com\/hl=pt\/wp-json\/wp\/v2\/media?parent=3848"}],"wp:term":[{"taxonomy":"product_brand","embeddable":true,"href":"https:\/\/bhimportsexports.com\/hl=pt\/wp-json\/wp\/v2\/product_brand?post=3848"},{"taxonomy":"product_cat","embeddable":true,"href":"https:\/\/bhimportsexports.com\/hl=pt\/wp-json\/wp\/v2\/product_cat?post=3848"},{"taxonomy":"product_tag","embeddable":true,"href":"https:\/\/bhimportsexports.com\/hl=pt\/wp-json\/wp\/v2\/product_tag?post=3848"}],"curies":[{"name":"wp","href":"https:\/\/api.w.org\/{rel}","templated":true}]}}