{"id":3763,"date":"2025-01-02T21:20:02","date_gmt":"2025-01-02T21:20:02","guid":{"rendered":"https:\/\/bhimportsexports.com\/hl=pt\/?post_type=product&#038;p=3763"},"modified":"2025-01-02T21:21:30","modified_gmt":"2025-01-02T21:21:30","slug":"zs1031-2610-divisor-plug-t-para-profibus-modbus-rs485-ip67-sem-5-v-no-plugue-blindado","status":"publish","type":"product","link":"https:\/\/bhimportsexports.com\/hl=pt\/produto\/zs1031-2610-divisor-plug-t-para-profibus-modbus-rs485-ip67-sem-5-v-no-plugue-blindado\/","title":{"rendered":"ZS1031-2610 | Divisor Plug T para PROFIBUS, Modbus, RS485, IP67, sem 5 V no plugue, blindado"},"content":{"rendered":"<p>Blindagemsim Tamanho da instala\u00e7\u00e3o M12 Tipo de conectorS divisor Tipo de contato macho+f\u00eamea N\u00famero de posi\u00e7\u00f5es (face)5 pinos Codifica\u00e7\u00e3oB\u2011codificado<\/p>\n","protected":false},"excerpt":{"rendered":"<p>Blindagemsim Tamanho da instala\u00e7\u00e3o M12 Tipo de conectorS divisor Tipo de contato macho+f\u00eamea N\u00famero de posi\u00e7\u00f5es (face)5 pinos Codifica\u00e7\u00e3oB\u2011codificado<\/p>\n","protected":false},"featured_media":3764,"comment_status":"open","ping_status":"closed","template":"","meta":[],"product_brand":[],"product_cat":[1107],"product_tag":[],"class_list":{"0":"post-3763","1":"product","2":"type-product","3":"status-publish","4":"has-post-thumbnail","6":"product_cat-plug","8":"first","9":"onbackorder","10":"shipping-taxable","11":"purchasable","12":"product-type-simple"},"yoast_head":"<!-- This site is optimized with the Yoast SEO plugin v27.4 - https:\/\/yoast.com\/product\/yoast-seo-wordpress\/ -->\n<title>ZS1031-2610 | Divisor Plug T para PROFIBUS, Modbus, RS485, IP67, sem 5 V no plugue, blindado - BH IMPORTS &amp; EXPORTS<\/title>\n<meta name=\"robots\" content=\"index, follow, max-snippet:-1, max-image-preview:large, max-video-preview:-1\" \/>\n<link rel=\"canonical\" href=\"https:\/\/bhimportsexports.com\/hl=pt\/produto\/zs1031-2610-divisor-plug-t-para-profibus-modbus-rs485-ip67-sem-5-v-no-plugue-blindado\/\" \/>\n<meta property=\"og:locale\" content=\"pt_BR\" \/>\n<meta property=\"og:type\" content=\"article\" \/>\n<meta property=\"og:title\" content=\"ZS1031-2610 | Divisor Plug T para PROFIBUS, Modbus, RS485, IP67, sem 5 V no plugue, blindado - BH IMPORTS &amp; EXPORTS\" \/>\n<meta property=\"og:description\" content=\"Blindagemsim Tamanho da instala\u00e7\u00e3o M12 Tipo de conectorS divisor Tipo de contato macho+f\u00eamea N\u00famero de posi\u00e7\u00f5es (face)5 pinos Codifica\u00e7\u00e3oB\u2011codificado\" \/>\n<meta property=\"og:url\" content=\"https:\/\/bhimportsexports.com\/hl=pt\/produto\/zs1031-2610-divisor-plug-t-para-profibus-modbus-rs485-ip67-sem-5-v-no-plugue-blindado\/\" \/>\n<meta property=\"og:site_name\" content=\"BH IMPORTS &amp; EXPORTS\" \/>\n<meta property=\"article:modified_time\" content=\"2025-01-02T21:21:30+00:00\" \/>\n<meta property=\"og:image\" content=\"https:\/\/bhimportsexports.com\/wp-content\/uploads\/2025\/01\/BECKCHOFF-300x300-1.webp\" \/>\n\t<meta property=\"og:image:width\" content=\"300\" \/>\n\t<meta property=\"og:image:height\" content=\"300\" \/>\n\t<meta property=\"og:image:type\" content=\"image\/webp\" \/>\n<meta name=\"twitter:card\" content=\"summary_large_image\" \/>\n<meta name=\"twitter:label1\" content=\"Est. tempo de leitura\" \/>\n\t<meta name=\"twitter:data1\" content=\"1 minuto\" \/>\n<script type=\"application\/ld+json\" class=\"yoast-schema-graph\">{\"@context\":\"https:\\\/\\\/schema.org\",\"@graph\":[{\"@type\":\"WebPage\",\"@id\":\"https:\\\/\\\/bhimportsexports.com\\\/hl=pt\\\/produto\\\/zs1031-2610-divisor-plug-t-para-profibus-modbus-rs485-ip67-sem-5-v-no-plugue-blindado\\\/\",\"url\":\"https:\\\/\\\/bhimportsexports.com\\\/hl=pt\\\/produto\\\/zs1031-2610-divisor-plug-t-para-profibus-modbus-rs485-ip67-sem-5-v-no-plugue-blindado\\\/\",\"name\":\"ZS1031-2610 | Divisor Plug T para PROFIBUS, Modbus, RS485, IP67, sem 5 V no plugue, blindado - BH IMPORTS &amp; EXPORTS\",\"isPartOf\":{\"@id\":\"https:\\\/\\\/bhimportsexports.com\\\/hl=pt\\\/#website\"},\"primaryImageOfPage\":{\"@id\":\"https:\\\/\\\/bhimportsexports.com\\\/hl=pt\\\/produto\\\/zs1031-2610-divisor-plug-t-para-profibus-modbus-rs485-ip67-sem-5-v-no-plugue-blindado\\\/#primaryimage\"},\"image\":{\"@id\":\"https:\\\/\\\/bhimportsexports.com\\\/hl=pt\\\/produto\\\/zs1031-2610-divisor-plug-t-para-profibus-modbus-rs485-ip67-sem-5-v-no-plugue-blindado\\\/#primaryimage\"},\"thumbnailUrl\":\"https:\\\/\\\/bhimportsexports.com\\\/wp-content\\\/uploads\\\/2025\\\/01\\\/BECKCHOFF-300x300-1.webp\",\"datePublished\":\"2025-01-02T21:20:02+00:00\",\"dateModified\":\"2025-01-02T21:21:30+00:00\",\"breadcrumb\":{\"@id\":\"https:\\\/\\\/bhimportsexports.com\\\/hl=pt\\\/produto\\\/zs1031-2610-divisor-plug-t-para-profibus-modbus-rs485-ip67-sem-5-v-no-plugue-blindado\\\/#breadcrumb\"},\"inLanguage\":\"pt-BR\",\"potentialAction\":[{\"@type\":\"ReadAction\",\"target\":[\"https:\\\/\\\/bhimportsexports.com\\\/hl=pt\\\/produto\\\/zs1031-2610-divisor-plug-t-para-profibus-modbus-rs485-ip67-sem-5-v-no-plugue-blindado\\\/\"]}]},{\"@type\":\"ImageObject\",\"inLanguage\":\"pt-BR\",\"@id\":\"https:\\\/\\\/bhimportsexports.com\\\/hl=pt\\\/produto\\\/zs1031-2610-divisor-plug-t-para-profibus-modbus-rs485-ip67-sem-5-v-no-plugue-blindado\\\/#primaryimage\",\"url\":\"https:\\\/\\\/bhimportsexports.com\\\/wp-content\\\/uploads\\\/2025\\\/01\\\/BECKCHOFF-300x300-1.webp\",\"contentUrl\":\"https:\\\/\\\/bhimportsexports.com\\\/wp-content\\\/uploads\\\/2025\\\/01\\\/BECKCHOFF-300x300-1.webp\",\"width\":300,\"height\":300},{\"@type\":\"BreadcrumbList\",\"@id\":\"https:\\\/\\\/bhimportsexports.com\\\/hl=pt\\\/produto\\\/zs1031-2610-divisor-plug-t-para-profibus-modbus-rs485-ip67-sem-5-v-no-plugue-blindado\\\/#breadcrumb\",\"itemListElement\":[{\"@type\":\"ListItem\",\"position\":1,\"name\":\"In\u00edcio\",\"item\":\"https:\\\/\\\/bhimportsexports.com\\\/hl=pt\\\/\"},{\"@type\":\"ListItem\",\"position\":2,\"name\":\"Loja\",\"item\":\"https:\\\/\\\/bhimportsexports.com\\\/hl=pt\\\/loja\\\/\"},{\"@type\":\"ListItem\",\"position\":3,\"name\":\"ZS1031-2610 | Divisor Plug T para PROFIBUS, Modbus, RS485, IP67, sem 5 V no plugue, blindado\"}]},{\"@type\":\"WebSite\",\"@id\":\"https:\\\/\\\/bhimportsexports.com\\\/hl=pt\\\/#website\",\"url\":\"https:\\\/\\\/bhimportsexports.com\\\/hl=pt\\\/\",\"name\":\"BH IMPORTS & EXPORTS\",\"description\":\"Innovation and excellence in international trade. Import, export, consultancy and sourcing.\",\"publisher\":{\"@id\":\"https:\\\/\\\/bhimportsexports.com\\\/hl=pt\\\/#organization\"},\"potentialAction\":[{\"@type\":\"SearchAction\",\"target\":{\"@type\":\"EntryPoint\",\"urlTemplate\":\"https:\\\/\\\/bhimportsexports.com\\\/hl=pt\\\/?s={search_term_string}\"},\"query-input\":{\"@type\":\"PropertyValueSpecification\",\"valueRequired\":true,\"valueName\":\"search_term_string\"}}],\"inLanguage\":\"pt-BR\"},{\"@type\":\"Organization\",\"@id\":\"https:\\\/\\\/bhimportsexports.com\\\/hl=pt\\\/#organization\",\"name\":\"BH IMPORTS & EXPORTS\",\"url\":\"https:\\\/\\\/bhimportsexports.com\\\/hl=pt\\\/\",\"logo\":{\"@type\":\"ImageObject\",\"inLanguage\":\"pt-BR\",\"@id\":\"https:\\\/\\\/bhimportsexports.com\\\/hl=pt\\\/#\\\/schema\\\/logo\\\/image\\\/\",\"url\":\"https:\\\/\\\/bhimportsexports.com\\\/wp-content\\\/uploads\\\/2024\\\/09\\\/BH-IMPORTS.png\",\"contentUrl\":\"https:\\\/\\\/bhimportsexports.com\\\/wp-content\\\/uploads\\\/2024\\\/09\\\/BH-IMPORTS.png\",\"width\":300,\"height\":200,\"caption\":\"BH IMPORTS & EXPORTS\"},\"image\":{\"@id\":\"https:\\\/\\\/bhimportsexports.com\\\/hl=pt\\\/#\\\/schema\\\/logo\\\/image\\\/\"}}]}<\/script>\n<!-- \/ Yoast SEO plugin. -->","yoast_head_json":{"title":"ZS1031-2610 | Divisor Plug T para PROFIBUS, Modbus, RS485, IP67, sem 5 V no plugue, blindado - BH IMPORTS &amp; EXPORTS","robots":{"index":"index","follow":"follow","max-snippet":"max-snippet:-1","max-image-preview":"max-image-preview:large","max-video-preview":"max-video-preview:-1"},"canonical":"https:\/\/bhimportsexports.com\/hl=pt\/produto\/zs1031-2610-divisor-plug-t-para-profibus-modbus-rs485-ip67-sem-5-v-no-plugue-blindado\/","og_locale":"pt_BR","og_type":"article","og_title":"ZS1031-2610 | Divisor Plug T para PROFIBUS, Modbus, RS485, IP67, sem 5 V no plugue, blindado - BH IMPORTS &amp; EXPORTS","og_description":"Blindagemsim Tamanho da instala\u00e7\u00e3o M12 Tipo de conectorS divisor Tipo de contato macho+f\u00eamea N\u00famero de posi\u00e7\u00f5es (face)5 pinos Codifica\u00e7\u00e3oB\u2011codificado","og_url":"https:\/\/bhimportsexports.com\/hl=pt\/produto\/zs1031-2610-divisor-plug-t-para-profibus-modbus-rs485-ip67-sem-5-v-no-plugue-blindado\/","og_site_name":"BH IMPORTS &amp; EXPORTS","article_modified_time":"2025-01-02T21:21:30+00:00","og_image":[{"width":300,"height":300,"url":"https:\/\/bhimportsexports.com\/wp-content\/uploads\/2025\/01\/BECKCHOFF-300x300-1.webp","type":"image\/webp"}],"twitter_card":"summary_large_image","twitter_misc":{"Est. tempo de leitura":"1 minuto"},"schema":{"@context":"https:\/\/schema.org","@graph":[{"@type":"WebPage","@id":"https:\/\/bhimportsexports.com\/hl=pt\/produto\/zs1031-2610-divisor-plug-t-para-profibus-modbus-rs485-ip67-sem-5-v-no-plugue-blindado\/","url":"https:\/\/bhimportsexports.com\/hl=pt\/produto\/zs1031-2610-divisor-plug-t-para-profibus-modbus-rs485-ip67-sem-5-v-no-plugue-blindado\/","name":"ZS1031-2610 | Divisor Plug T para PROFIBUS, Modbus, RS485, IP67, sem 5 V no plugue, blindado - BH IMPORTS &amp; EXPORTS","isPartOf":{"@id":"https:\/\/bhimportsexports.com\/hl=pt\/#website"},"primaryImageOfPage":{"@id":"https:\/\/bhimportsexports.com\/hl=pt\/produto\/zs1031-2610-divisor-plug-t-para-profibus-modbus-rs485-ip67-sem-5-v-no-plugue-blindado\/#primaryimage"},"image":{"@id":"https:\/\/bhimportsexports.com\/hl=pt\/produto\/zs1031-2610-divisor-plug-t-para-profibus-modbus-rs485-ip67-sem-5-v-no-plugue-blindado\/#primaryimage"},"thumbnailUrl":"https:\/\/bhimportsexports.com\/wp-content\/uploads\/2025\/01\/BECKCHOFF-300x300-1.webp","datePublished":"2025-01-02T21:20:02+00:00","dateModified":"2025-01-02T21:21:30+00:00","breadcrumb":{"@id":"https:\/\/bhimportsexports.com\/hl=pt\/produto\/zs1031-2610-divisor-plug-t-para-profibus-modbus-rs485-ip67-sem-5-v-no-plugue-blindado\/#breadcrumb"},"inLanguage":"pt-BR","potentialAction":[{"@type":"ReadAction","target":["https:\/\/bhimportsexports.com\/hl=pt\/produto\/zs1031-2610-divisor-plug-t-para-profibus-modbus-rs485-ip67-sem-5-v-no-plugue-blindado\/"]}]},{"@type":"ImageObject","inLanguage":"pt-BR","@id":"https:\/\/bhimportsexports.com\/hl=pt\/produto\/zs1031-2610-divisor-plug-t-para-profibus-modbus-rs485-ip67-sem-5-v-no-plugue-blindado\/#primaryimage","url":"https:\/\/bhimportsexports.com\/wp-content\/uploads\/2025\/01\/BECKCHOFF-300x300-1.webp","contentUrl":"https:\/\/bhimportsexports.com\/wp-content\/uploads\/2025\/01\/BECKCHOFF-300x300-1.webp","width":300,"height":300},{"@type":"BreadcrumbList","@id":"https:\/\/bhimportsexports.com\/hl=pt\/produto\/zs1031-2610-divisor-plug-t-para-profibus-modbus-rs485-ip67-sem-5-v-no-plugue-blindado\/#breadcrumb","itemListElement":[{"@type":"ListItem","position":1,"name":"In\u00edcio","item":"https:\/\/bhimportsexports.com\/hl=pt\/"},{"@type":"ListItem","position":2,"name":"Loja","item":"https:\/\/bhimportsexports.com\/hl=pt\/loja\/"},{"@type":"ListItem","position":3,"name":"ZS1031-2610 | Divisor Plug T para PROFIBUS, Modbus, RS485, IP67, sem 5 V no plugue, blindado"}]},{"@type":"WebSite","@id":"https:\/\/bhimportsexports.com\/hl=pt\/#website","url":"https:\/\/bhimportsexports.com\/hl=pt\/","name":"BH IMPORTS & EXPORTS","description":"Innovation and excellence in international trade. Import, export, consultancy and sourcing.","publisher":{"@id":"https:\/\/bhimportsexports.com\/hl=pt\/#organization"},"potentialAction":[{"@type":"SearchAction","target":{"@type":"EntryPoint","urlTemplate":"https:\/\/bhimportsexports.com\/hl=pt\/?s={search_term_string}"},"query-input":{"@type":"PropertyValueSpecification","valueRequired":true,"valueName":"search_term_string"}}],"inLanguage":"pt-BR"},{"@type":"Organization","@id":"https:\/\/bhimportsexports.com\/hl=pt\/#organization","name":"BH IMPORTS & EXPORTS","url":"https:\/\/bhimportsexports.com\/hl=pt\/","logo":{"@type":"ImageObject","inLanguage":"pt-BR","@id":"https:\/\/bhimportsexports.com\/hl=pt\/#\/schema\/logo\/image\/","url":"https:\/\/bhimportsexports.com\/wp-content\/uploads\/2024\/09\/BH-IMPORTS.png","contentUrl":"https:\/\/bhimportsexports.com\/wp-content\/uploads\/2024\/09\/BH-IMPORTS.png","width":300,"height":200,"caption":"BH IMPORTS & EXPORTS"},"image":{"@id":"https:\/\/bhimportsexports.com\/hl=pt\/#\/schema\/logo\/image\/"}}]}},"_links":{"self":[{"href":"https:\/\/bhimportsexports.com\/hl=pt\/wp-json\/wp\/v2\/product\/3763","targetHints":{"allow":["GET"]}}],"collection":[{"href":"https:\/\/bhimportsexports.com\/hl=pt\/wp-json\/wp\/v2\/product"}],"about":[{"href":"https:\/\/bhimportsexports.com\/hl=pt\/wp-json\/wp\/v2\/types\/product"}],"replies":[{"embeddable":true,"href":"https:\/\/bhimportsexports.com\/hl=pt\/wp-json\/wp\/v2\/comments?post=3763"}],"wp:featuredmedia":[{"embeddable":true,"href":"https:\/\/bhimportsexports.com\/hl=pt\/wp-json\/wp\/v2\/media\/3764"}],"wp:attachment":[{"href":"https:\/\/bhimportsexports.com\/hl=pt\/wp-json\/wp\/v2\/media?parent=3763"}],"wp:term":[{"taxonomy":"product_brand","embeddable":true,"href":"https:\/\/bhimportsexports.com\/hl=pt\/wp-json\/wp\/v2\/product_brand?post=3763"},{"taxonomy":"product_cat","embeddable":true,"href":"https:\/\/bhimportsexports.com\/hl=pt\/wp-json\/wp\/v2\/product_cat?post=3763"},{"taxonomy":"product_tag","embeddable":true,"href":"https:\/\/bhimportsexports.com\/hl=pt\/wp-json\/wp\/v2\/product_tag?post=3763"}],"curies":[{"name":"wp","href":"https:\/\/api.w.org\/{rel}","templated":true}]}}