{"id":3739,"date":"2024-12-30T14:58:08","date_gmt":"2024-12-30T14:58:08","guid":{"rendered":"https:\/\/bhimportsexports.com\/hl=pt\/?post_type=product&#038;p=3739"},"modified":"2024-12-30T14:58:08","modified_gmt":"2024-12-30T14:58:08","slug":"sensor-de-campo-ajustavel-de-alcance-de-2-m-q60vr3laf2000-banner","status":"publish","type":"product","link":"https:\/\/bhimportsexports.com\/hl=pt\/produto\/sensor-de-campo-ajustavel-de-alcance-de-2-m-q60vr3laf2000-banner\/","title":{"rendered":"SENSOR DE CAMPO AJUST\u00c1VEL DE ALCANCE DE 2 M Q60VR3LAF2000 BANNER"},"content":{"rendered":"<p>Classifica\u00e7\u00e3o IP Comprimento do cabo IP67 (m) 9 Feixe de detec\u00e7\u00e3o Laser vermelho vis\u00edvel Classifica\u00e7\u00e3o de tipo NEMA \/ UL NEMA 4X Alimenta\u00e7\u00e3o CA\/CC Universal Modo de detec\u00e7\u00e3o (geral) Modo de detec\u00e7\u00e3o de proximidade (detalhado) Supress\u00e3o de fundo (ajust\u00e1vel) Estilo do inv\u00f3lucro Retangular Material do inv\u00f3lucro prim\u00e1rio Termopl\u00e1stico Classifica\u00e7\u00e3o do laser Classe 2 Pequeno ponto vis\u00edvel Entrada e sa\u00edda do laser Dist\u00e2ncia m\u00e1xima de detec\u00e7\u00e3o do rel\u00e9 E\/M (mm) 2000 Sa\u00eddas Fonte de alimenta\u00e7\u00e3o\/tens\u00e3o de alimenta\u00e7\u00e3o do rel\u00e9 SPDT e\/m 12-250 V CC ou 24-250 V CA Conex\u00e3o Cabo Temperatura operacional m\u00ednima (\u00b0C) -10 Opera\u00e7\u00e3o Claro\/escuro Operar Temperatura operacional m\u00e1xima (\u00b0C)45 Tempo de resposta de sa\u00edda (ms)15 Recurso especial: Intrinsecamente seguroN\u00e3o Recurso especial: Ensino remotoN\u00e3o Recurso especial: Detec\u00e7\u00e3o de \u00e1guaN\u00e3o Atraso na inicializa\u00e7\u00e3o (ms)1000 Repetibilidade (\u00b5s)500 N\u00famero de pinos5 Umidade relativa m\u00e1xima de opera\u00e7\u00e3o [%]90% a 50\u00b0C Material da lenteAcr\u00edlico AjustesIndicador de ajuste de parafusoLEDs Recurso: Temporiza\u00e7\u00e3o (manter\/atrasar)Sim Recurso: Aud\u00edvelN\u00e3o<\/p>\n","protected":false},"excerpt":{"rendered":"<p>Classifica\u00e7\u00e3o IP Comprimento do cabo IP67 (m) 9 Feixe de detec\u00e7\u00e3o Laser vermelho vis\u00edvel Classifica\u00e7\u00e3o de tipo NEMA \/ UL NEMA 4X Alimenta\u00e7\u00e3o CA\/CC Universal Modo de detec\u00e7\u00e3o (geral) Modo de detec\u00e7\u00e3o de proximidade (detalhado) Supress\u00e3o de fundo (ajust\u00e1vel) Estilo do inv\u00f3lucro Retangular Material do inv\u00f3lucro prim\u00e1rio Termopl\u00e1stico Classifica\u00e7\u00e3o do laser Classe 2 Pequeno ponto [&hellip;]<\/p>\n","protected":false},"featured_media":3741,"comment_status":"open","ping_status":"closed","template":"","meta":[],"product_brand":[],"product_cat":[1115],"product_tag":[],"class_list":{"0":"post-3739","1":"product","2":"type-product","3":"status-publish","4":"has-post-thumbnail","6":"product_cat-sensor","8":"first","9":"onbackorder","10":"shipping-taxable","11":"purchasable","12":"product-type-simple"},"yoast_head":"<!-- This site is optimized with the Yoast SEO plugin v27.4 - https:\/\/yoast.com\/product\/yoast-seo-wordpress\/ -->\n<title>SENSOR DE CAMPO AJUST\u00c1VEL DE ALCANCE DE 2 M Q60VR3LAF2000 BANNER - BH IMPORTS &amp; EXPORTS<\/title>\n<meta name=\"robots\" content=\"index, follow, max-snippet:-1, max-image-preview:large, max-video-preview:-1\" \/>\n<link rel=\"canonical\" href=\"https:\/\/bhimportsexports.com\/hl=pt\/produto\/sensor-de-campo-ajustavel-de-alcance-de-2-m-q60vr3laf2000-banner\/\" \/>\n<meta property=\"og:locale\" content=\"pt_BR\" \/>\n<meta property=\"og:type\" content=\"article\" \/>\n<meta property=\"og:title\" content=\"SENSOR DE CAMPO AJUST\u00c1VEL DE ALCANCE DE 2 M Q60VR3LAF2000 BANNER - BH IMPORTS &amp; EXPORTS\" \/>\n<meta property=\"og:description\" content=\"Classifica\u00e7\u00e3o IP Comprimento do cabo IP67 (m) 9 Feixe de detec\u00e7\u00e3o Laser vermelho vis\u00edvel Classifica\u00e7\u00e3o de tipo NEMA \/ UL NEMA 4X Alimenta\u00e7\u00e3o CA\/CC Universal Modo de detec\u00e7\u00e3o (geral) Modo de detec\u00e7\u00e3o de proximidade (detalhado) Supress\u00e3o de fundo (ajust\u00e1vel) Estilo do inv\u00f3lucro Retangular Material do inv\u00f3lucro prim\u00e1rio Termopl\u00e1stico Classifica\u00e7\u00e3o do laser Classe 2 Pequeno ponto [&hellip;]\" \/>\n<meta property=\"og:url\" content=\"https:\/\/bhimportsexports.com\/hl=pt\/produto\/sensor-de-campo-ajustavel-de-alcance-de-2-m-q60vr3laf2000-banner\/\" \/>\n<meta property=\"og:site_name\" content=\"BH IMPORTS &amp; EXPORTS\" \/>\n<meta property=\"og:image\" content=\"https:\/\/bhimportsexports.com\/wp-content\/uploads\/2024\/12\/cq5dam.web_.1280.1280.jpeg\" \/>\n\t<meta property=\"og:image:width\" content=\"1280\" \/>\n\t<meta property=\"og:image:height\" content=\"1280\" \/>\n\t<meta property=\"og:image:type\" content=\"image\/jpeg\" \/>\n<meta name=\"twitter:card\" content=\"summary_large_image\" \/>\n<meta name=\"twitter:label1\" content=\"Est. tempo de leitura\" \/>\n\t<meta name=\"twitter:data1\" content=\"2 minutos\" \/>\n<script type=\"application\/ld+json\" class=\"yoast-schema-graph\">{\"@context\":\"https:\\\/\\\/schema.org\",\"@graph\":[{\"@type\":\"WebPage\",\"@id\":\"https:\\\/\\\/bhimportsexports.com\\\/hl=pt\\\/produto\\\/sensor-de-campo-ajustavel-de-alcance-de-2-m-q60vr3laf2000-banner\\\/\",\"url\":\"https:\\\/\\\/bhimportsexports.com\\\/hl=pt\\\/produto\\\/sensor-de-campo-ajustavel-de-alcance-de-2-m-q60vr3laf2000-banner\\\/\",\"name\":\"SENSOR DE CAMPO AJUST\u00c1VEL DE ALCANCE DE 2 M Q60VR3LAF2000 BANNER - BH IMPORTS &amp; EXPORTS\",\"isPartOf\":{\"@id\":\"https:\\\/\\\/bhimportsexports.com\\\/hl=pt\\\/#website\"},\"primaryImageOfPage\":{\"@id\":\"https:\\\/\\\/bhimportsexports.com\\\/hl=pt\\\/produto\\\/sensor-de-campo-ajustavel-de-alcance-de-2-m-q60vr3laf2000-banner\\\/#primaryimage\"},\"image\":{\"@id\":\"https:\\\/\\\/bhimportsexports.com\\\/hl=pt\\\/produto\\\/sensor-de-campo-ajustavel-de-alcance-de-2-m-q60vr3laf2000-banner\\\/#primaryimage\"},\"thumbnailUrl\":\"https:\\\/\\\/bhimportsexports.com\\\/wp-content\\\/uploads\\\/2024\\\/12\\\/cq5dam.web_.1280.1280.jpeg\",\"datePublished\":\"2024-12-30T14:58:08+00:00\",\"breadcrumb\":{\"@id\":\"https:\\\/\\\/bhimportsexports.com\\\/hl=pt\\\/produto\\\/sensor-de-campo-ajustavel-de-alcance-de-2-m-q60vr3laf2000-banner\\\/#breadcrumb\"},\"inLanguage\":\"pt-BR\",\"potentialAction\":[{\"@type\":\"ReadAction\",\"target\":[\"https:\\\/\\\/bhimportsexports.com\\\/hl=pt\\\/produto\\\/sensor-de-campo-ajustavel-de-alcance-de-2-m-q60vr3laf2000-banner\\\/\"]}]},{\"@type\":\"ImageObject\",\"inLanguage\":\"pt-BR\",\"@id\":\"https:\\\/\\\/bhimportsexports.com\\\/hl=pt\\\/produto\\\/sensor-de-campo-ajustavel-de-alcance-de-2-m-q60vr3laf2000-banner\\\/#primaryimage\",\"url\":\"https:\\\/\\\/bhimportsexports.com\\\/wp-content\\\/uploads\\\/2024\\\/12\\\/cq5dam.web_.1280.1280.jpeg\",\"contentUrl\":\"https:\\\/\\\/bhimportsexports.com\\\/wp-content\\\/uploads\\\/2024\\\/12\\\/cq5dam.web_.1280.1280.jpeg\",\"width\":1280,\"height\":1280},{\"@type\":\"BreadcrumbList\",\"@id\":\"https:\\\/\\\/bhimportsexports.com\\\/hl=pt\\\/produto\\\/sensor-de-campo-ajustavel-de-alcance-de-2-m-q60vr3laf2000-banner\\\/#breadcrumb\",\"itemListElement\":[{\"@type\":\"ListItem\",\"position\":1,\"name\":\"In\u00edcio\",\"item\":\"https:\\\/\\\/bhimportsexports.com\\\/hl=pt\\\/\"},{\"@type\":\"ListItem\",\"position\":2,\"name\":\"Loja\",\"item\":\"https:\\\/\\\/bhimportsexports.com\\\/hl=pt\\\/loja\\\/\"},{\"@type\":\"ListItem\",\"position\":3,\"name\":\"SENSOR DE CAMPO AJUST\u00c1VEL DE ALCANCE DE 2 M Q60VR3LAF2000 BANNER\"}]},{\"@type\":\"WebSite\",\"@id\":\"https:\\\/\\\/bhimportsexports.com\\\/hl=pt\\\/#website\",\"url\":\"https:\\\/\\\/bhimportsexports.com\\\/hl=pt\\\/\",\"name\":\"BH IMPORTS & EXPORTS\",\"description\":\"Innovation and excellence in international trade. Import, export, consultancy and sourcing.\",\"publisher\":{\"@id\":\"https:\\\/\\\/bhimportsexports.com\\\/hl=pt\\\/#organization\"},\"potentialAction\":[{\"@type\":\"SearchAction\",\"target\":{\"@type\":\"EntryPoint\",\"urlTemplate\":\"https:\\\/\\\/bhimportsexports.com\\\/hl=pt\\\/?s={search_term_string}\"},\"query-input\":{\"@type\":\"PropertyValueSpecification\",\"valueRequired\":true,\"valueName\":\"search_term_string\"}}],\"inLanguage\":\"pt-BR\"},{\"@type\":\"Organization\",\"@id\":\"https:\\\/\\\/bhimportsexports.com\\\/hl=pt\\\/#organization\",\"name\":\"BH IMPORTS & EXPORTS\",\"url\":\"https:\\\/\\\/bhimportsexports.com\\\/hl=pt\\\/\",\"logo\":{\"@type\":\"ImageObject\",\"inLanguage\":\"pt-BR\",\"@id\":\"https:\\\/\\\/bhimportsexports.com\\\/hl=pt\\\/#\\\/schema\\\/logo\\\/image\\\/\",\"url\":\"https:\\\/\\\/bhimportsexports.com\\\/wp-content\\\/uploads\\\/2024\\\/09\\\/BH-IMPORTS.png\",\"contentUrl\":\"https:\\\/\\\/bhimportsexports.com\\\/wp-content\\\/uploads\\\/2024\\\/09\\\/BH-IMPORTS.png\",\"width\":300,\"height\":200,\"caption\":\"BH IMPORTS & EXPORTS\"},\"image\":{\"@id\":\"https:\\\/\\\/bhimportsexports.com\\\/hl=pt\\\/#\\\/schema\\\/logo\\\/image\\\/\"}}]}<\/script>\n<!-- \/ Yoast SEO plugin. -->","yoast_head_json":{"title":"SENSOR DE CAMPO AJUST\u00c1VEL DE ALCANCE DE 2 M Q60VR3LAF2000 BANNER - BH IMPORTS &amp; EXPORTS","robots":{"index":"index","follow":"follow","max-snippet":"max-snippet:-1","max-image-preview":"max-image-preview:large","max-video-preview":"max-video-preview:-1"},"canonical":"https:\/\/bhimportsexports.com\/hl=pt\/produto\/sensor-de-campo-ajustavel-de-alcance-de-2-m-q60vr3laf2000-banner\/","og_locale":"pt_BR","og_type":"article","og_title":"SENSOR DE CAMPO AJUST\u00c1VEL DE ALCANCE DE 2 M Q60VR3LAF2000 BANNER - BH IMPORTS &amp; EXPORTS","og_description":"Classifica\u00e7\u00e3o IP Comprimento do cabo IP67 (m) 9 Feixe de detec\u00e7\u00e3o Laser vermelho vis\u00edvel Classifica\u00e7\u00e3o de tipo NEMA \/ UL NEMA 4X Alimenta\u00e7\u00e3o CA\/CC Universal Modo de detec\u00e7\u00e3o (geral) Modo de detec\u00e7\u00e3o de proximidade (detalhado) Supress\u00e3o de fundo (ajust\u00e1vel) Estilo do inv\u00f3lucro Retangular Material do inv\u00f3lucro prim\u00e1rio Termopl\u00e1stico Classifica\u00e7\u00e3o do laser Classe 2 Pequeno ponto [&hellip;]","og_url":"https:\/\/bhimportsexports.com\/hl=pt\/produto\/sensor-de-campo-ajustavel-de-alcance-de-2-m-q60vr3laf2000-banner\/","og_site_name":"BH IMPORTS &amp; EXPORTS","og_image":[{"width":1280,"height":1280,"url":"https:\/\/bhimportsexports.com\/wp-content\/uploads\/2024\/12\/cq5dam.web_.1280.1280.jpeg","type":"image\/jpeg"}],"twitter_card":"summary_large_image","twitter_misc":{"Est. tempo de leitura":"2 minutos"},"schema":{"@context":"https:\/\/schema.org","@graph":[{"@type":"WebPage","@id":"https:\/\/bhimportsexports.com\/hl=pt\/produto\/sensor-de-campo-ajustavel-de-alcance-de-2-m-q60vr3laf2000-banner\/","url":"https:\/\/bhimportsexports.com\/hl=pt\/produto\/sensor-de-campo-ajustavel-de-alcance-de-2-m-q60vr3laf2000-banner\/","name":"SENSOR DE CAMPO AJUST\u00c1VEL DE ALCANCE DE 2 M Q60VR3LAF2000 BANNER - BH IMPORTS &amp; EXPORTS","isPartOf":{"@id":"https:\/\/bhimportsexports.com\/hl=pt\/#website"},"primaryImageOfPage":{"@id":"https:\/\/bhimportsexports.com\/hl=pt\/produto\/sensor-de-campo-ajustavel-de-alcance-de-2-m-q60vr3laf2000-banner\/#primaryimage"},"image":{"@id":"https:\/\/bhimportsexports.com\/hl=pt\/produto\/sensor-de-campo-ajustavel-de-alcance-de-2-m-q60vr3laf2000-banner\/#primaryimage"},"thumbnailUrl":"https:\/\/bhimportsexports.com\/wp-content\/uploads\/2024\/12\/cq5dam.web_.1280.1280.jpeg","datePublished":"2024-12-30T14:58:08+00:00","breadcrumb":{"@id":"https:\/\/bhimportsexports.com\/hl=pt\/produto\/sensor-de-campo-ajustavel-de-alcance-de-2-m-q60vr3laf2000-banner\/#breadcrumb"},"inLanguage":"pt-BR","potentialAction":[{"@type":"ReadAction","target":["https:\/\/bhimportsexports.com\/hl=pt\/produto\/sensor-de-campo-ajustavel-de-alcance-de-2-m-q60vr3laf2000-banner\/"]}]},{"@type":"ImageObject","inLanguage":"pt-BR","@id":"https:\/\/bhimportsexports.com\/hl=pt\/produto\/sensor-de-campo-ajustavel-de-alcance-de-2-m-q60vr3laf2000-banner\/#primaryimage","url":"https:\/\/bhimportsexports.com\/wp-content\/uploads\/2024\/12\/cq5dam.web_.1280.1280.jpeg","contentUrl":"https:\/\/bhimportsexports.com\/wp-content\/uploads\/2024\/12\/cq5dam.web_.1280.1280.jpeg","width":1280,"height":1280},{"@type":"BreadcrumbList","@id":"https:\/\/bhimportsexports.com\/hl=pt\/produto\/sensor-de-campo-ajustavel-de-alcance-de-2-m-q60vr3laf2000-banner\/#breadcrumb","itemListElement":[{"@type":"ListItem","position":1,"name":"In\u00edcio","item":"https:\/\/bhimportsexports.com\/hl=pt\/"},{"@type":"ListItem","position":2,"name":"Loja","item":"https:\/\/bhimportsexports.com\/hl=pt\/loja\/"},{"@type":"ListItem","position":3,"name":"SENSOR DE CAMPO AJUST\u00c1VEL DE ALCANCE DE 2 M Q60VR3LAF2000 BANNER"}]},{"@type":"WebSite","@id":"https:\/\/bhimportsexports.com\/hl=pt\/#website","url":"https:\/\/bhimportsexports.com\/hl=pt\/","name":"BH IMPORTS & EXPORTS","description":"Innovation and excellence in international trade. Import, export, consultancy and sourcing.","publisher":{"@id":"https:\/\/bhimportsexports.com\/hl=pt\/#organization"},"potentialAction":[{"@type":"SearchAction","target":{"@type":"EntryPoint","urlTemplate":"https:\/\/bhimportsexports.com\/hl=pt\/?s={search_term_string}"},"query-input":{"@type":"PropertyValueSpecification","valueRequired":true,"valueName":"search_term_string"}}],"inLanguage":"pt-BR"},{"@type":"Organization","@id":"https:\/\/bhimportsexports.com\/hl=pt\/#organization","name":"BH IMPORTS & EXPORTS","url":"https:\/\/bhimportsexports.com\/hl=pt\/","logo":{"@type":"ImageObject","inLanguage":"pt-BR","@id":"https:\/\/bhimportsexports.com\/hl=pt\/#\/schema\/logo\/image\/","url":"https:\/\/bhimportsexports.com\/wp-content\/uploads\/2024\/09\/BH-IMPORTS.png","contentUrl":"https:\/\/bhimportsexports.com\/wp-content\/uploads\/2024\/09\/BH-IMPORTS.png","width":300,"height":200,"caption":"BH IMPORTS & EXPORTS"},"image":{"@id":"https:\/\/bhimportsexports.com\/hl=pt\/#\/schema\/logo\/image\/"}}]}},"_links":{"self":[{"href":"https:\/\/bhimportsexports.com\/hl=pt\/wp-json\/wp\/v2\/product\/3739","targetHints":{"allow":["GET"]}}],"collection":[{"href":"https:\/\/bhimportsexports.com\/hl=pt\/wp-json\/wp\/v2\/product"}],"about":[{"href":"https:\/\/bhimportsexports.com\/hl=pt\/wp-json\/wp\/v2\/types\/product"}],"replies":[{"embeddable":true,"href":"https:\/\/bhimportsexports.com\/hl=pt\/wp-json\/wp\/v2\/comments?post=3739"}],"wp:featuredmedia":[{"embeddable":true,"href":"https:\/\/bhimportsexports.com\/hl=pt\/wp-json\/wp\/v2\/media\/3741"}],"wp:attachment":[{"href":"https:\/\/bhimportsexports.com\/hl=pt\/wp-json\/wp\/v2\/media?parent=3739"}],"wp:term":[{"taxonomy":"product_brand","embeddable":true,"href":"https:\/\/bhimportsexports.com\/hl=pt\/wp-json\/wp\/v2\/product_brand?post=3739"},{"taxonomy":"product_cat","embeddable":true,"href":"https:\/\/bhimportsexports.com\/hl=pt\/wp-json\/wp\/v2\/product_cat?post=3739"},{"taxonomy":"product_tag","embeddable":true,"href":"https:\/\/bhimportsexports.com\/hl=pt\/wp-json\/wp\/v2\/product_tag?post=3739"}],"curies":[{"name":"wp","href":"https:\/\/api.w.org\/{rel}","templated":true}]}}